{"id":13580,"date":"2021-04-29T10:57:37","date_gmt":"2021-04-29T10:57:37","guid":{"rendered":"https:\/\/wellenreiten-surfen.de\/?product=cala-kanaloa-stand-up-paddling-board-aufblasbares-sup-board-set-surfboard-komplettes-zubehoer-paddel-reparatur-kit-pumpe-reise-rucksack-abnehmbare-finne-ventil-und-kappe"},"modified":"2023-04-08T23:13:18","modified_gmt":"2023-04-08T23:13:18","slug":"cala-kanaloa-stand-up-paddling-board-aufblasbares-sup-board-set-surfboard-komplettes-zubehoer-paddel-reparatur-kit-pumpe-reise-rucksack-abnehmbare-finne-ventil-und-kappe","status":"publish","type":"product","link":"https:\/\/wellenreiten-surfen.de\/?product=cala-kanaloa-stand-up-paddling-board-aufblasbares-sup-board-set-surfboard-komplettes-zubehoer-paddel-reparatur-kit-pumpe-reise-rucksack-abnehmbare-finne-ventil-und-kappe","title":{"rendered":"CALA 2023 Stand-Up-Paddling Board Set im Rucksack-Trolley, i-SUP aufblasbar, robustes Surfboard mit Seegras-Anteil\u2026"},"content":{"rendered":"<div id='gallery-1' class='gallery galleryid-13580 gallery-columns-3 gallery-size-thumbnail'><figure class='gallery-item'>\n\t\t\t<div class='gallery-icon landscape'>\n\t\t\t\t<a href='https:\/\/wellenreiten-surfen.de\/?attachment_id=13581'><img width=\"150\" height=\"150\" src=\"https:\/\/images-na.ssl-images-amazon.com\/images\/I\/512J2Ci2pbL._SS150_.jpg\" class=\"attachment-thumbnail size-thumbnail\" alt=\"\" decoding=\"async\" loading=\"lazy\" srcset=\"https:\/\/images-na.ssl-images-amazon.com\/images\/I\/512J2Ci2pbL._SS150_.jpg 150w, https:\/\/images-na.ssl-images-amazon.com\/images\/I\/512J2Ci2pbL._SS300_.jpg 300w, https:\/\/images-na.ssl-images-amazon.com\/images\/I\/512J2Ci2pbL._SS768_.jpg 768w, https:\/\/images-na.ssl-images-amazon.com\/images\/I\/512J2Ci2pbL._SS1024_.jpg 1024w, https:\/\/images-na.ssl-images-amazon.com\/images\/I\/512J2Ci2pbL._SS1536_.jpg 1536w, https:\/\/images-na.ssl-images-amazon.com\/images\/I\/512J2Ci2pbL._SS2048_.jpg 2048w, https:\/\/images-na.ssl-images-amazon.com\/images\/I\/512J2Ci2pbL._SS80_.jpg 80w, https:\/\/images-na.ssl-images-amazon.com\/images\/I\/512J2Ci2pbL._SS200_.jpg 200w, https:\/\/images-na.ssl-images-amazon.com\/images\/I\/512J2Ci2pbL.jpg 500w, https:\/\/images-na.ssl-images-amazon.com\/images\/I\/512J2Ci2pbL._SS450_.jpg 450w, https:\/\/images-na.ssl-images-amazon.com\/images\/I\/512J2Ci2pbL._SS1400_.jpg 1400w, https:\/\/images-na.ssl-images-amazon.com\/images\/I\/512J2Ci2pbL._SS180_.jpg 180w, https:\/\/images-na.ssl-images-amazon.com\/images\/I\/512J2Ci2pbL._SS600_.jpg 600w, https:\/\/images-na.ssl-images-amazon.com\/images\/I\/512J2Ci2pbL._SS100_.jpg 100w\" sizes=\"(max-width: 150px) 100vw, 150px\" \/><\/a>\n\t\t\t<\/div><\/figure><figure class='gallery-item'>\n\t\t\t<div class='gallery-icon landscape'>\n\t\t\t\t<a href='https:\/\/wellenreiten-surfen.de\/?attachment_id=13582'><img width=\"150\" height=\"150\" src=\"https:\/\/images-na.ssl-images-amazon.com\/images\/I\/61h2O4WWrgL._SS150_.jpg\" class=\"attachment-thumbnail size-thumbnail\" alt=\"\" decoding=\"async\" loading=\"lazy\" srcset=\"https:\/\/images-na.ssl-images-amazon.com\/images\/I\/61h2O4WWrgL._SS150_.jpg 150w, https:\/\/images-na.ssl-images-amazon.com\/images\/I\/61h2O4WWrgL._SS300_.jpg 300w, https:\/\/images-na.ssl-images-amazon.com\/images\/I\/61h2O4WWrgL._SS768_.jpg 768w, https:\/\/images-na.ssl-images-amazon.com\/images\/I\/61h2O4WWrgL._SS1024_.jpg 1024w, https:\/\/images-na.ssl-images-amazon.com\/images\/I\/61h2O4WWrgL._SS1536_.jpg 1536w, https:\/\/images-na.ssl-images-amazon.com\/images\/I\/61h2O4WWrgL._SS2048_.jpg 2048w, https:\/\/images-na.ssl-images-amazon.com\/images\/I\/61h2O4WWrgL._SS80_.jpg 80w, https:\/\/images-na.ssl-images-amazon.com\/images\/I\/61h2O4WWrgL._SS200_.jpg 200w, https:\/\/images-na.ssl-images-amazon.com\/images\/I\/61h2O4WWrgL.jpg 500w, https:\/\/images-na.ssl-images-amazon.com\/images\/I\/61h2O4WWrgL._SS450_.jpg 450w, https:\/\/images-na.ssl-images-amazon.com\/images\/I\/61h2O4WWrgL._SS1400_.jpg 1400w, https:\/\/images-na.ssl-images-amazon.com\/images\/I\/61h2O4WWrgL._SS180_.jpg 180w, https:\/\/images-na.ssl-images-amazon.com\/images\/I\/61h2O4WWrgL._SS600_.jpg 600w, https:\/\/images-na.ssl-images-amazon.com\/images\/I\/61h2O4WWrgL._SS100_.jpg 100w\" sizes=\"(max-width: 150px) 100vw, 150px\" \/><\/a>\n\t\t\t<\/div><\/figure><figure class='gallery-item'>\n\t\t\t<div class='gallery-icon landscape'>\n\t\t\t\t<a href='https:\/\/wellenreiten-surfen.de\/?attachment_id=13583'><img width=\"150\" height=\"150\" src=\"https:\/\/images-na.ssl-images-amazon.com\/images\/I\/51OKuX4CHCL._SS150_.jpg\" class=\"attachment-thumbnail size-thumbnail\" alt=\"\" decoding=\"async\" loading=\"lazy\" srcset=\"https:\/\/images-na.ssl-images-amazon.com\/images\/I\/51OKuX4CHCL._SS150_.jpg 150w, https:\/\/images-na.ssl-images-amazon.com\/images\/I\/51OKuX4CHCL._SS300_.jpg 300w, https:\/\/images-na.ssl-images-amazon.com\/images\/I\/51OKuX4CHCL._SS768_.jpg 768w, https:\/\/images-na.ssl-images-amazon.com\/images\/I\/51OKuX4CHCL._SS1024_.jpg 1024w, https:\/\/images-na.ssl-images-amazon.com\/images\/I\/51OKuX4CHCL._SS1536_.jpg 1536w, https:\/\/images-na.ssl-images-amazon.com\/images\/I\/51OKuX4CHCL._SS2048_.jpg 2048w, https:\/\/images-na.ssl-images-amazon.com\/images\/I\/51OKuX4CHCL._SS80_.jpg 80w, https:\/\/images-na.ssl-images-amazon.com\/images\/I\/51OKuX4CHCL._SS200_.jpg 200w, https:\/\/images-na.ssl-images-amazon.com\/images\/I\/51OKuX4CHCL.jpg 500w, https:\/\/images-na.ssl-images-amazon.com\/images\/I\/51OKuX4CHCL._SS450_.jpg 450w, https:\/\/images-na.ssl-images-amazon.com\/images\/I\/51OKuX4CHCL._SS1400_.jpg 1400w, https:\/\/images-na.ssl-images-amazon.com\/images\/I\/51OKuX4CHCL._SS180_.jpg 180w, https:\/\/images-na.ssl-images-amazon.com\/images\/I\/51OKuX4CHCL._SS600_.jpg 600w, https:\/\/images-na.ssl-images-amazon.com\/images\/I\/51OKuX4CHCL._SS100_.jpg 100w\" sizes=\"(max-width: 150px) 100vw, 150px\" \/><\/a>\n\t\t\t<\/div><\/figure>\n\t\t<\/div>\n<br \/>\nIdeales Stand Up Paddling Board f\u00fcr Ausdauertraining und die offene See.<br \/>\nDas Kanaloa SUP Board zeigt sich als echter Wellenschneider: Eine Wippe wurde so entwickelt, dass die Spitze des Bretts immer aus dem Wasser ist und mehr Wellen schneidet.<br \/>\nPraktisches Standup Paddleboard aufblasbar Set inkl. abnehmbarem zentralen SUP-Ende, 2 abnehmbaren Seitenrippen, Kohlefaserpaddel, Doppelrad-Reiserucksack, Super Double Action Pump f\u00fcr schnelles Aufpumpen, Leine und Reparaturset.<br \/>\nMa\u00dfe: Mit 344,4 x 81,3 x 15,2 cm geh\u00f6rt dieses Stand Up Paddleboard zu den einsteigerfreundlichen Modellen. Das HDX Air-System ist sicher getestet bis 1,37 Bar. Empfohlener Druck: 0,8-1 bar f\u00fcr optimale Leistung.<br \/>\nLeicht und langlebig: Belastbar mit bis zu 135kg bei einem Boardgewicht von nur 9,2kg \u2013 optimal f\u00fcr ambitionierte Eins\u00e4tze auch auf rauen Gew\u00e4ssern.<br \/>\n<div class=\"main-cross-sell\" data-asin=\"B08TRP84FQ\">\n\n\t<div class=\"WooZone-cross-sell-loader\">\n\t\t<div>\n\t\t\t<div id=\"floatingBarsG\">\n\t\t\t\t<div class=\"blockG\" id=\"rotateG_01\"><\/div>\n\t\t\t\t<div class=\"blockG\" id=\"rotateG_02\"><\/div>\n\t\t\t\t<div class=\"blockG\" id=\"rotateG_03\"><\/div>\n\t\t\t\t<div class=\"blockG\" id=\"rotateG_04\"><\/div>\n\t\t\t\t<div class=\"blockG\" id=\"rotateG_05\"><\/div>\n\t\t\t\t<div class=\"blockG\" id=\"rotateG_06\"><\/div>\n\t\t\t\t<div class=\"blockG\" id=\"rotateG_07\"><\/div>\n\t\t\t\t<div class=\"blockG\" id=\"rotateG_08\"><\/div>\n\t\t\t<\/div>\n\t\t\t<div class=\"WooZone-cross-sell-loader-text\"><\/div>\n\t\t<\/div>\n\t<\/div>\n\n\t\t\n<\/div>\n<div style=\"clear:both;\"><\/div>\n","protected":false},"excerpt":{"rendered":"<p>Ideales Stand Up Paddling Board f\u00fcr Ausdauertraining und die offene See.<br \/>\nDas Kanaloa SUP Board zeigt sich als echter Wellenschneider: Eine Wippe wurde so entwickelt, dass die Spitze des Bretts immer aus dem Wasser ist und mehr Wellen schneidet.<br \/>\nPraktisches Standup Paddleboard aufblasbar Set inkl. abnehmbarem zentralen SUP-Ende, 2 abnehmbaren Seitenrippen, Kohlefaserpaddel, Doppelrad-Reiserucksack, Super Double Action Pump f\u00fcr schnelles Aufpumpen, Leine und Reparaturset.<\/p>\n","protected":false},"featured_media":13581,"comment_status":"open","ping_status":"closed","template":"","meta":[],"product_cat":[3184],"product_tag":[],"_links":{"self":[{"href":"https:\/\/wellenreiten-surfen.de\/index.php?rest_route=\/wp\/v2\/product\/13580"}],"collection":[{"href":"https:\/\/wellenreiten-surfen.de\/index.php?rest_route=\/wp\/v2\/product"}],"about":[{"href":"https:\/\/wellenreiten-surfen.de\/index.php?rest_route=\/wp\/v2\/types\/product"}],"replies":[{"embeddable":true,"href":"https:\/\/wellenreiten-surfen.de\/index.php?rest_route=%2Fwp%2Fv2%2Fcomments&post=13580"}],"wp:featuredmedia":[{"embeddable":true,"href":"https:\/\/wellenreiten-surfen.de\/index.php?rest_route=\/wp\/v2\/media\/13581"}],"wp:attachment":[{"href":"https:\/\/wellenreiten-surfen.de\/index.php?rest_route=%2Fwp%2Fv2%2Fmedia&parent=13580"}],"wp:term":[{"taxonomy":"product_cat","embeddable":true,"href":"https:\/\/wellenreiten-surfen.de\/index.php?rest_route=%2Fwp%2Fv2%2Fproduct_cat&post=13580"},{"taxonomy":"product_tag","embeddable":true,"href":"https:\/\/wellenreiten-surfen.de\/index.php?rest_route=%2Fwp%2Fv2%2Fproduct_tag&post=13580"}],"curies":[{"name":"wp","href":"https:\/\/api.w.org\/{rel}","templated":true}]}}