{"id":13770,"date":"2021-04-29T11:06:16","date_gmt":"2021-04-29T11:06:16","guid":{"rendered":"https:\/\/wellenreiten-surfen.de\/?product=light-surfboard-wtf-green"},"modified":"2023-04-08T23:13:20","modified_gmt":"2023-04-08T23:13:20","slug":"light-surfboard-wtf-green","status":"publish","type":"product","link":"https:\/\/wellenreiten-surfen.de\/?product=light-surfboard-wtf-green","title":{"rendered":"Light Surfboard WTF Green"},"content":{"rendered":"<div id='gallery-1' class='gallery galleryid-13770 gallery-columns-3 gallery-size-thumbnail'><figure class='gallery-item'>\n\t\t\t<div class='gallery-icon landscape'>\n\t\t\t\t<a href='https:\/\/wellenreiten-surfen.de\/?attachment_id=13771'><img width=\"150\" height=\"150\" src=\"https:\/\/images-na.ssl-images-amazon.com\/images\/I\/41SmASSXPnL._SS150_.jpg\" class=\"attachment-thumbnail size-thumbnail\" alt=\"\" decoding=\"async\" loading=\"lazy\" srcset=\"https:\/\/images-na.ssl-images-amazon.com\/images\/I\/41SmASSXPnL._SS150_.jpg 150w, https:\/\/images-na.ssl-images-amazon.com\/images\/I\/41SmASSXPnL._SS300_.jpg 300w, https:\/\/images-na.ssl-images-amazon.com\/images\/I\/41SmASSXPnL._SS768_.jpg 768w, https:\/\/images-na.ssl-images-amazon.com\/images\/I\/41SmASSXPnL._SS1024_.jpg 1024w, https:\/\/images-na.ssl-images-amazon.com\/images\/I\/41SmASSXPnL._SS1536_.jpg 1536w, https:\/\/images-na.ssl-images-amazon.com\/images\/I\/41SmASSXPnL._SS2048_.jpg 2048w, https:\/\/images-na.ssl-images-amazon.com\/images\/I\/41SmASSXPnL._SS80_.jpg 80w, https:\/\/images-na.ssl-images-amazon.com\/images\/I\/41SmASSXPnL._SS200_.jpg 200w, https:\/\/images-na.ssl-images-amazon.com\/images\/I\/41SmASSXPnL.jpg 500w, https:\/\/images-na.ssl-images-amazon.com\/images\/I\/41SmASSXPnL._SS450_.jpg 450w, https:\/\/images-na.ssl-images-amazon.com\/images\/I\/41SmASSXPnL._SS1400_.jpg 1400w, https:\/\/images-na.ssl-images-amazon.com\/images\/I\/41SmASSXPnL._SS180_.jpg 180w, https:\/\/images-na.ssl-images-amazon.com\/images\/I\/41SmASSXPnL._SS600_.jpg 600w, https:\/\/images-na.ssl-images-amazon.com\/images\/I\/41SmASSXPnL._SS100_.jpg 100w\" sizes=\"(max-width: 150px) 100vw, 150px\" \/><\/a>\n\t\t\t<\/div><\/figure><figure class='gallery-item'>\n\t\t\t<div class='gallery-icon landscape'>\n\t\t\t\t<a href='https:\/\/wellenreiten-surfen.de\/?attachment_id=13772'><img width=\"150\" height=\"150\" src=\"https:\/\/images-na.ssl-images-amazon.com\/images\/I\/21kgly8AHiL._SS150_.jpg\" class=\"attachment-thumbnail size-thumbnail\" alt=\"\" decoding=\"async\" loading=\"lazy\" srcset=\"https:\/\/images-na.ssl-images-amazon.com\/images\/I\/21kgly8AHiL._SS150_.jpg 150w, https:\/\/images-na.ssl-images-amazon.com\/images\/I\/21kgly8AHiL._SS300_.jpg 300w, https:\/\/images-na.ssl-images-amazon.com\/images\/I\/21kgly8AHiL._SS768_.jpg 768w, https:\/\/images-na.ssl-images-amazon.com\/images\/I\/21kgly8AHiL._SS1024_.jpg 1024w, https:\/\/images-na.ssl-images-amazon.com\/images\/I\/21kgly8AHiL._SS1536_.jpg 1536w, https:\/\/images-na.ssl-images-amazon.com\/images\/I\/21kgly8AHiL._SS2048_.jpg 2048w, https:\/\/images-na.ssl-images-amazon.com\/images\/I\/21kgly8AHiL._SS80_.jpg 80w, https:\/\/images-na.ssl-images-amazon.com\/images\/I\/21kgly8AHiL._SS200_.jpg 200w, https:\/\/images-na.ssl-images-amazon.com\/images\/I\/21kgly8AHiL.jpg 500w, https:\/\/images-na.ssl-images-amazon.com\/images\/I\/21kgly8AHiL._SS450_.jpg 450w, https:\/\/images-na.ssl-images-amazon.com\/images\/I\/21kgly8AHiL._SS1400_.jpg 1400w, https:\/\/images-na.ssl-images-amazon.com\/images\/I\/21kgly8AHiL._SS180_.jpg 180w, https:\/\/images-na.ssl-images-amazon.com\/images\/I\/21kgly8AHiL._SS600_.jpg 600w, https:\/\/images-na.ssl-images-amazon.com\/images\/I\/21kgly8AHiL._SS100_.jpg 100w\" sizes=\"(max-width: 150px) 100vw, 150px\" \/><\/a>\n\t\t\t<\/div><\/figure>\n\t\t<\/div>\n<br \/>\n<!-- show up to 2 reviews by default --> <\/p>\n<p>WTF &#8211; WORLD TRAVELLER FUNSHAPE SERIES bottle green high gloss MODELL BESCHREIBUNG Die perfekte Mischung aus dem nat\u00fcrlichen Rocker, medium Rails und single to double concave to v Unterwasserschiff machen aus dem WTF das Board f\u00fcr Deinen Roundtrip um die Welt. Kein Modell verbindet die Eigenschaften aus schnellem angleiten, einfachen paddeln, Kippstabilit\u00e4t und Drehfreudigkeit wie das WTF. Diese Boards sind eine gute Wahl f\u00fcr Anf\u00e4nger wie auch gute Surfer und bringen Dich vom ersten Surf im Wei\u00dfwasser bis zu cleanen 6ft Faces. K\u00d6NNENSTUFE Mittel-Pro: 1-10 WELLENH\u00d6HE 0,3 &#8211; 2,4m Features Classic Pro Performance* Construction: Konstruktion mit den besten Flexeigenschaften und 1.Wahl unserer Pro Surfer der WQS Serie Center Stringer Australien PU Blank Top 1&#215;4 + 1x6UZ Glas Bottom 1&#215;4 +1+6UZ Fin Patch Polished Finish FCS M5 Fin Set Up <\/p>\n<p>Center Stringer Australien PU Blank<br \/>\nTop 1&#215;4 + 1x6UZ Glas Bottom 1&#215;4 +1+6UZ Fin Patch Polished Finish<br \/>\nFCS M5 Fin Set Up<br \/>\n<div class=\"main-cross-sell\" data-asin=\"B007QRL6VM\">\n\n\t<div class=\"WooZone-cross-sell-loader\">\n\t\t<div>\n\t\t\t<div id=\"floatingBarsG\">\n\t\t\t\t<div class=\"blockG\" id=\"rotateG_01\"><\/div>\n\t\t\t\t<div class=\"blockG\" id=\"rotateG_02\"><\/div>\n\t\t\t\t<div class=\"blockG\" id=\"rotateG_03\"><\/div>\n\t\t\t\t<div class=\"blockG\" id=\"rotateG_04\"><\/div>\n\t\t\t\t<div class=\"blockG\" id=\"rotateG_05\"><\/div>\n\t\t\t\t<div class=\"blockG\" id=\"rotateG_06\"><\/div>\n\t\t\t\t<div class=\"blockG\" id=\"rotateG_07\"><\/div>\n\t\t\t\t<div class=\"blockG\" id=\"rotateG_08\"><\/div>\n\t\t\t<\/div>\n\t\t\t<div class=\"WooZone-cross-sell-loader-text\"><\/div>\n\t\t<\/div>\n\t<\/div>\n\n\t\t\n<\/div>\n<div style=\"clear:both;\"><\/div>\n","protected":false},"excerpt":{"rendered":"<p>Center Stringer Australien PU Blank<br \/>\nTop 1&#215;4 + 1x6UZ Glas Bottom 1&#215;4 +1+6UZ Fin Patch Polished Finish<br \/>\nFCS M5 Fin Set Up<\/p>\n","protected":false},"featured_media":13771,"comment_status":"open","ping_status":"closed","template":"","meta":[],"product_cat":[3184],"product_tag":[],"_links":{"self":[{"href":"https:\/\/wellenreiten-surfen.de\/index.php?rest_route=\/wp\/v2\/product\/13770"}],"collection":[{"href":"https:\/\/wellenreiten-surfen.de\/index.php?rest_route=\/wp\/v2\/product"}],"about":[{"href":"https:\/\/wellenreiten-surfen.de\/index.php?rest_route=\/wp\/v2\/types\/product"}],"replies":[{"embeddable":true,"href":"https:\/\/wellenreiten-surfen.de\/index.php?rest_route=%2Fwp%2Fv2%2Fcomments&post=13770"}],"wp:featuredmedia":[{"embeddable":true,"href":"https:\/\/wellenreiten-surfen.de\/index.php?rest_route=\/wp\/v2\/media\/13771"}],"wp:attachment":[{"href":"https:\/\/wellenreiten-surfen.de\/index.php?rest_route=%2Fwp%2Fv2%2Fmedia&parent=13770"}],"wp:term":[{"taxonomy":"product_cat","embeddable":true,"href":"https:\/\/wellenreiten-surfen.de\/index.php?rest_route=%2Fwp%2Fv2%2Fproduct_cat&post=13770"},{"taxonomy":"product_tag","embeddable":true,"href":"https:\/\/wellenreiten-surfen.de\/index.php?rest_route=%2Fwp%2Fv2%2Fproduct_tag&post=13770"}],"curies":[{"name":"wp","href":"https:\/\/api.w.org\/{rel}","templated":true}]}}