{"id":14054,"date":"2021-04-29T11:42:17","date_gmt":"2021-04-29T11:42:17","guid":{"rendered":"https:\/\/wellenreiten-surfen.de\/?product=scubatec-neopren-pants-hose-15-mm"},"modified":"2023-04-08T23:15:11","modified_gmt":"2023-04-08T23:15:11","slug":"scubatec-neopren-pants-hose-15-mm","status":"publish","type":"product","link":"https:\/\/wellenreiten-surfen.de\/?product=scubatec-neopren-pants-hose-15-mm","title":{"rendered":"Scubatec Neopren Pants\/Hose 1,5 mm"},"content":{"rendered":"<div id='gallery-1' class='gallery galleryid-14054 gallery-columns-3 gallery-size-thumbnail'><figure class='gallery-item'>\n\t\t\t<div class='gallery-icon landscape'>\n\t\t\t\t<a href='https:\/\/wellenreiten-surfen.de\/?attachment_id=14055'><img width=\"150\" height=\"150\" src=\"https:\/\/images-na.ssl-images-amazon.com\/images\/I\/41myVGAGT%2BL._SS150_.jpg\" class=\"attachment-thumbnail size-thumbnail\" alt=\"\" decoding=\"async\" loading=\"lazy\" srcset=\"https:\/\/images-na.ssl-images-amazon.com\/images\/I\/41myVGAGT%2BL._SS150_.jpg 150w, https:\/\/images-na.ssl-images-amazon.com\/images\/I\/41myVGAGT%2BL._SS300_.jpg 300w, https:\/\/images-na.ssl-images-amazon.com\/images\/I\/41myVGAGT%2BL._SS768_.jpg 768w, https:\/\/images-na.ssl-images-amazon.com\/images\/I\/41myVGAGT%2BL._SS1024_.jpg 1024w, https:\/\/images-na.ssl-images-amazon.com\/images\/I\/41myVGAGT%2BL._SS1536_.jpg 1536w, https:\/\/images-na.ssl-images-amazon.com\/images\/I\/41myVGAGT%2BL._SS2048_.jpg 2048w, https:\/\/images-na.ssl-images-amazon.com\/images\/I\/41myVGAGT%2BL._SS80_.jpg 80w, https:\/\/images-na.ssl-images-amazon.com\/images\/I\/41myVGAGT%2BL._SS200_.jpg 200w, https:\/\/images-na.ssl-images-amazon.com\/images\/I\/41myVGAGT%2BL.jpg 500w, https:\/\/images-na.ssl-images-amazon.com\/images\/I\/41myVGAGT%2BL._SS450_.jpg 450w, https:\/\/images-na.ssl-images-amazon.com\/images\/I\/41myVGAGT%2BL._SS1400_.jpg 1400w, https:\/\/images-na.ssl-images-amazon.com\/images\/I\/41myVGAGT%2BL._SS180_.jpg 180w, https:\/\/images-na.ssl-images-amazon.com\/images\/I\/41myVGAGT%2BL._SS600_.jpg 600w, https:\/\/images-na.ssl-images-amazon.com\/images\/I\/41myVGAGT%2BL._SS100_.jpg 100w\" sizes=\"(max-width: 150px) 100vw, 150px\" \/><\/a>\n\t\t\t<\/div><\/figure><figure class='gallery-item'>\n\t\t\t<div class='gallery-icon landscape'>\n\t\t\t\t<a href='https:\/\/wellenreiten-surfen.de\/?attachment_id=14056'><img width=\"150\" height=\"150\" src=\"https:\/\/images-na.ssl-images-amazon.com\/images\/I\/51UFehoUQRL._SS150_.jpg\" class=\"attachment-thumbnail size-thumbnail\" alt=\"\" decoding=\"async\" loading=\"lazy\" srcset=\"https:\/\/images-na.ssl-images-amazon.com\/images\/I\/51UFehoUQRL._SS150_.jpg 150w, https:\/\/images-na.ssl-images-amazon.com\/images\/I\/51UFehoUQRL._SS300_.jpg 300w, https:\/\/images-na.ssl-images-amazon.com\/images\/I\/51UFehoUQRL._SS768_.jpg 768w, https:\/\/images-na.ssl-images-amazon.com\/images\/I\/51UFehoUQRL._SS1024_.jpg 1024w, https:\/\/images-na.ssl-images-amazon.com\/images\/I\/51UFehoUQRL._SS1536_.jpg 1536w, https:\/\/images-na.ssl-images-amazon.com\/images\/I\/51UFehoUQRL._SS2048_.jpg 2048w, https:\/\/images-na.ssl-images-amazon.com\/images\/I\/51UFehoUQRL._SS80_.jpg 80w, https:\/\/images-na.ssl-images-amazon.com\/images\/I\/51UFehoUQRL._SS200_.jpg 200w, https:\/\/images-na.ssl-images-amazon.com\/images\/I\/51UFehoUQRL.jpg 500w, https:\/\/images-na.ssl-images-amazon.com\/images\/I\/51UFehoUQRL._SS450_.jpg 450w, https:\/\/images-na.ssl-images-amazon.com\/images\/I\/51UFehoUQRL._SS1400_.jpg 1400w, https:\/\/images-na.ssl-images-amazon.com\/images\/I\/51UFehoUQRL._SS180_.jpg 180w, https:\/\/images-na.ssl-images-amazon.com\/images\/I\/51UFehoUQRL._SS600_.jpg 600w, https:\/\/images-na.ssl-images-amazon.com\/images\/I\/51UFehoUQRL._SS100_.jpg 100w\" sizes=\"(max-width: 150px) 100vw, 150px\" \/><\/a>\n\t\t\t<\/div><\/figure>\n\t\t<\/div>\n<br \/>\nS \/ 48: K\u00f6rpergr\u00f6\u00dfe: 160 cm &#8211; 175 cm \/ Gewicht: 55 kg &#8211; 65 kg \/ Brustumfang: 82 cm &#8211; 92 cm<br \/>\nM \/ 50: K\u00f6rpergr\u00f6\u00dfe: 165 cm &#8211; 180 cm \/ Gewicht: 63 kg &#8211; 73 kg \/ Brustumfang: 89 cm &#8211; 99 cm<br \/>\nVerschluss: Tunnelzug<br \/>\n90% Polychloropren, 10% Polyamid<br \/>\nL \/ 52: K\u00f6rpergr\u00f6\u00dfe: 170 cm &#8211; 185 cm \/ Gewicht: 71 kg &#8211; 81 kg \/ Brustumfang: 96 cm &#8211; 106 cm<br \/>\nXL \/ 54: K\u00f6rpergr\u00f6\u00dfe: 175 cm &#8211; 190 cm \/ Gewicht: 79 kg &#8211; 89 kg \/ Brustumfang: 103 cm &#8211; 113 cm<br \/>\nXXL \/ 56: K\u00f6rpergr\u00f6\u00dfe: 180 cm &#8211; 195 cm \/ Gewicht: 87 kg &#8211; 97 kg \/ Brustumfang: 110 cm &#8211; 113 cm<br \/>\n<div class=\"main-cross-sell\" data-asin=\"B007JVSMLM\">\n\n\t<div class=\"WooZone-cross-sell-loader\">\n\t\t<div>\n\t\t\t<div id=\"floatingBarsG\">\n\t\t\t\t<div class=\"blockG\" id=\"rotateG_01\"><\/div>\n\t\t\t\t<div class=\"blockG\" id=\"rotateG_02\"><\/div>\n\t\t\t\t<div class=\"blockG\" id=\"rotateG_03\"><\/div>\n\t\t\t\t<div class=\"blockG\" id=\"rotateG_04\"><\/div>\n\t\t\t\t<div class=\"blockG\" id=\"rotateG_05\"><\/div>\n\t\t\t\t<div class=\"blockG\" id=\"rotateG_06\"><\/div>\n\t\t\t\t<div class=\"blockG\" id=\"rotateG_07\"><\/div>\n\t\t\t\t<div class=\"blockG\" id=\"rotateG_08\"><\/div>\n\t\t\t<\/div>\n\t\t\t<div class=\"WooZone-cross-sell-loader-text\"><\/div>\n\t\t<\/div>\n\t<\/div>\n\n\t\t\n<\/div>\n<div style=\"clear:both;\"><\/div>\n","protected":false},"excerpt":{"rendered":"<p>S \/ 48: K\u00f6rpergr\u00f6\u00dfe: 160 cm &#8211; 175 cm \/ Gewicht: 55 kg &#8211; 65 kg \/ Brustumfang: 82 cm &#8211; 92 cm<br \/>\nM \/ 50: K\u00f6rpergr\u00f6\u00dfe: 165 cm &#8211; 180 cm \/ Gewicht: 63 kg &#8211; 73 kg \/ Brustumfang: 89 cm &#8211; 99 cm<br \/>\nVerschluss: Tunnelzug<\/p>\n","protected":false},"featured_media":14055,"comment_status":"open","ping_status":"closed","template":"","meta":[],"product_cat":[51],"product_tag":[],"_links":{"self":[{"href":"https:\/\/wellenreiten-surfen.de\/index.php?rest_route=\/wp\/v2\/product\/14054"}],"collection":[{"href":"https:\/\/wellenreiten-surfen.de\/index.php?rest_route=\/wp\/v2\/product"}],"about":[{"href":"https:\/\/wellenreiten-surfen.de\/index.php?rest_route=\/wp\/v2\/types\/product"}],"replies":[{"embeddable":true,"href":"https:\/\/wellenreiten-surfen.de\/index.php?rest_route=%2Fwp%2Fv2%2Fcomments&post=14054"}],"wp:featuredmedia":[{"embeddable":true,"href":"https:\/\/wellenreiten-surfen.de\/index.php?rest_route=\/wp\/v2\/media\/14055"}],"wp:attachment":[{"href":"https:\/\/wellenreiten-surfen.de\/index.php?rest_route=%2Fwp%2Fv2%2Fmedia&parent=14054"}],"wp:term":[{"taxonomy":"product_cat","embeddable":true,"href":"https:\/\/wellenreiten-surfen.de\/index.php?rest_route=%2Fwp%2Fv2%2Fproduct_cat&post=14054"},{"taxonomy":"product_tag","embeddable":true,"href":"https:\/\/wellenreiten-surfen.de\/index.php?rest_route=%2Fwp%2Fv2%2Fproduct_tag&post=14054"}],"curies":[{"name":"wp","href":"https:\/\/api.w.org\/{rel}","templated":true}]}}