{"id":14065,"date":"2021-04-29T11:42:21","date_gmt":"2021-04-29T11:42:21","guid":{"rendered":"https:\/\/wellenreiten-surfen.de\/?product=scubatec-neopren-lycra-kindershorty"},"modified":"2023-04-08T23:15:11","modified_gmt":"2023-04-08T23:15:11","slug":"scubatec-neopren-lycra-kindershorty","status":"publish","type":"product","link":"https:\/\/wellenreiten-surfen.de\/?product=scubatec-neopren-lycra-kindershorty","title":{"rendered":"Scubatec Neopren-Lycra Kindershorty"},"content":{"rendered":"<div id='gallery-1' class='gallery galleryid-14065 gallery-columns-3 gallery-size-thumbnail'><figure class='gallery-item'>\n\t\t\t<div class='gallery-icon landscape'>\n\t\t\t\t<a href='https:\/\/wellenreiten-surfen.de\/?attachment_id=14066'><img width=\"150\" height=\"150\" src=\"https:\/\/images-na.ssl-images-amazon.com\/images\/I\/41n8jtFt17L._SS150_.jpg\" class=\"attachment-thumbnail size-thumbnail\" alt=\"\" decoding=\"async\" loading=\"lazy\" srcset=\"https:\/\/images-na.ssl-images-amazon.com\/images\/I\/41n8jtFt17L._SS150_.jpg 150w, https:\/\/images-na.ssl-images-amazon.com\/images\/I\/41n8jtFt17L._SS300_.jpg 300w, https:\/\/images-na.ssl-images-amazon.com\/images\/I\/41n8jtFt17L._SS768_.jpg 768w, https:\/\/images-na.ssl-images-amazon.com\/images\/I\/41n8jtFt17L._SS1024_.jpg 1024w, https:\/\/images-na.ssl-images-amazon.com\/images\/I\/41n8jtFt17L._SS1536_.jpg 1536w, https:\/\/images-na.ssl-images-amazon.com\/images\/I\/41n8jtFt17L._SS2048_.jpg 2048w, https:\/\/images-na.ssl-images-amazon.com\/images\/I\/41n8jtFt17L._SS80_.jpg 80w, https:\/\/images-na.ssl-images-amazon.com\/images\/I\/41n8jtFt17L._SS200_.jpg 200w, https:\/\/images-na.ssl-images-amazon.com\/images\/I\/41n8jtFt17L.jpg 500w, https:\/\/images-na.ssl-images-amazon.com\/images\/I\/41n8jtFt17L._SS450_.jpg 450w, https:\/\/images-na.ssl-images-amazon.com\/images\/I\/41n8jtFt17L._SS1400_.jpg 1400w, https:\/\/images-na.ssl-images-amazon.com\/images\/I\/41n8jtFt17L._SS180_.jpg 180w, https:\/\/images-na.ssl-images-amazon.com\/images\/I\/41n8jtFt17L._SS600_.jpg 600w, https:\/\/images-na.ssl-images-amazon.com\/images\/I\/41n8jtFt17L._SS100_.jpg 100w\" sizes=\"(max-width: 150px) 100vw, 150px\" \/><\/a>\n\t\t\t<\/div><\/figure><figure class='gallery-item'>\n\t\t\t<div class='gallery-icon landscape'>\n\t\t\t\t<a href='https:\/\/wellenreiten-surfen.de\/?attachment_id=14067'><img width=\"150\" height=\"150\" src=\"https:\/\/images-na.ssl-images-amazon.com\/images\/I\/51K7-aJgGBL._SS150_.jpg\" class=\"attachment-thumbnail size-thumbnail\" alt=\"\" decoding=\"async\" loading=\"lazy\" srcset=\"https:\/\/images-na.ssl-images-amazon.com\/images\/I\/51K7-aJgGBL._SS150_.jpg 150w, https:\/\/images-na.ssl-images-amazon.com\/images\/I\/51K7-aJgGBL._SS300_.jpg 300w, https:\/\/images-na.ssl-images-amazon.com\/images\/I\/51K7-aJgGBL._SS768_.jpg 768w, https:\/\/images-na.ssl-images-amazon.com\/images\/I\/51K7-aJgGBL._SS1024_.jpg 1024w, https:\/\/images-na.ssl-images-amazon.com\/images\/I\/51K7-aJgGBL._SS1536_.jpg 1536w, https:\/\/images-na.ssl-images-amazon.com\/images\/I\/51K7-aJgGBL._SS2048_.jpg 2048w, https:\/\/images-na.ssl-images-amazon.com\/images\/I\/51K7-aJgGBL._SS80_.jpg 80w, https:\/\/images-na.ssl-images-amazon.com\/images\/I\/51K7-aJgGBL._SS200_.jpg 200w, https:\/\/images-na.ssl-images-amazon.com\/images\/I\/51K7-aJgGBL.jpg 500w, https:\/\/images-na.ssl-images-amazon.com\/images\/I\/51K7-aJgGBL._SS450_.jpg 450w, https:\/\/images-na.ssl-images-amazon.com\/images\/I\/51K7-aJgGBL._SS1400_.jpg 1400w, https:\/\/images-na.ssl-images-amazon.com\/images\/I\/51K7-aJgGBL._SS180_.jpg 180w, https:\/\/images-na.ssl-images-amazon.com\/images\/I\/51K7-aJgGBL._SS600_.jpg 600w, https:\/\/images-na.ssl-images-amazon.com\/images\/I\/51K7-aJgGBL._SS100_.jpg 100w\" sizes=\"(max-width: 150px) 100vw, 150px\" \/><\/a>\n\t\t\t<\/div><\/figure>\n\t\t<\/div>\n<br \/>\n<!-- show up to 2 reviews by default --> <\/p>\n<p>Der Kindershorty \u201eHybrid\u201c von Scubatec ist ein \u00e4u\u00dferst vielseitig verwendbarer Anzug. Durch die Kombination aus w\u00e4rmendem 2mm Neopren im kompletten Front- und R\u00fcckenbereich sowie sowie dem sehr flexiblen Lycra mit Sonnenschutzfaktor UPF 50+ an den Seiten, den Armen und den Schultern, ist der Anzug f\u00fcr nahezu jede Wassersportart sowie einfach nur zum Spielen am Stand hervorragend geeignet. Die Lycra-Eins\u00e4tze garantieren dar\u00fcber hinaus eine gute Passform, gro\u00dfe Bewegungsfreiheit und erlauben dem Anzug etwas \u201emitzuwachsen\u201c. Der robuste Frontrei\u00dfverschlu\u00df erh\u00f6ht den Tragekomfort und erlaubt dem Kind, den Anzug selbstst\u00e4ndig an und auszuzuiehen. <\/p>\n<p>F\u00fcr jeglichen Wassersport oder einfach nur am Strand geeignet<br \/>\n2mm Neopren mit Lycra-Eins\u00e4tzen (80% Nylon \/ 20% Elasthan)<br \/>\nKurzarm<br \/>\nVerschluss: Rei\u00dfverschluss<br \/>\nbei der Gr\u00f6\u00dfenwahl richten Sie sich bitte nach der Gr\u00f6\u00dfentabelle (zu finden unter den Produktbildern)<br \/>\n<div class=\"main-cross-sell\" data-asin=\"B00PVYA6R2\">\n\n\t<div class=\"WooZone-cross-sell-loader\">\n\t\t<div>\n\t\t\t<div id=\"floatingBarsG\">\n\t\t\t\t<div class=\"blockG\" id=\"rotateG_01\"><\/div>\n\t\t\t\t<div class=\"blockG\" id=\"rotateG_02\"><\/div>\n\t\t\t\t<div class=\"blockG\" id=\"rotateG_03\"><\/div>\n\t\t\t\t<div class=\"blockG\" id=\"rotateG_04\"><\/div>\n\t\t\t\t<div class=\"blockG\" id=\"rotateG_05\"><\/div>\n\t\t\t\t<div class=\"blockG\" id=\"rotateG_06\"><\/div>\n\t\t\t\t<div class=\"blockG\" id=\"rotateG_07\"><\/div>\n\t\t\t\t<div class=\"blockG\" id=\"rotateG_08\"><\/div>\n\t\t\t<\/div>\n\t\t\t<div class=\"WooZone-cross-sell-loader-text\"><\/div>\n\t\t<\/div>\n\t<\/div>\n\n\t\t\n<\/div>\n<div style=\"clear:both;\"><\/div>\n","protected":false},"excerpt":{"rendered":"<p>F\u00fcr jeglichen Wassersport oder einfach nur am Strand geeignet<br \/>\n2mm Neopren mit Lycra-Eins\u00e4tzen (80% Nylon \/ 20% Elasthan)<br \/>\nKurzarm<\/p>\n","protected":false},"featured_media":14066,"comment_status":"open","ping_status":"closed","template":"","meta":[],"product_cat":[51],"product_tag":[],"_links":{"self":[{"href":"https:\/\/wellenreiten-surfen.de\/index.php?rest_route=\/wp\/v2\/product\/14065"}],"collection":[{"href":"https:\/\/wellenreiten-surfen.de\/index.php?rest_route=\/wp\/v2\/product"}],"about":[{"href":"https:\/\/wellenreiten-surfen.de\/index.php?rest_route=\/wp\/v2\/types\/product"}],"replies":[{"embeddable":true,"href":"https:\/\/wellenreiten-surfen.de\/index.php?rest_route=%2Fwp%2Fv2%2Fcomments&post=14065"}],"wp:featuredmedia":[{"embeddable":true,"href":"https:\/\/wellenreiten-surfen.de\/index.php?rest_route=\/wp\/v2\/media\/14066"}],"wp:attachment":[{"href":"https:\/\/wellenreiten-surfen.de\/index.php?rest_route=%2Fwp%2Fv2%2Fmedia&parent=14065"}],"wp:term":[{"taxonomy":"product_cat","embeddable":true,"href":"https:\/\/wellenreiten-surfen.de\/index.php?rest_route=%2Fwp%2Fv2%2Fproduct_cat&post=14065"},{"taxonomy":"product_tag","embeddable":true,"href":"https:\/\/wellenreiten-surfen.de\/index.php?rest_route=%2Fwp%2Fv2%2Fproduct_tag&post=14065"}],"curies":[{"name":"wp","href":"https:\/\/api.w.org\/{rel}","templated":true}]}}