{"id":14126,"date":"2021-04-29T11:49:45","date_gmt":"2021-04-29T11:49:45","guid":{"rendered":"https:\/\/wellenreiten-surfen.de\/?product=cormoran-neopren-wathose-gummiprofilsohle"},"modified":"2023-04-08T23:15:12","modified_gmt":"2023-04-08T23:15:12","slug":"cormoran-neopren-wathose-gummiprofilsohle","status":"publish","type":"product","link":"https:\/\/wellenreiten-surfen.de\/?product=cormoran-neopren-wathose-gummiprofilsohle","title":{"rendered":"Cormoran Neopren-Wathose (Gummiprofilsohle)"},"content":{"rendered":"<div id='gallery-1' class='gallery galleryid-14126 gallery-columns-3 gallery-size-thumbnail'><figure class='gallery-item'>\n\t\t\t<div class='gallery-icon landscape'>\n\t\t\t\t<a href='https:\/\/wellenreiten-surfen.de\/?attachment_id=14127'><img width=\"150\" height=\"150\" src=\"https:\/\/images-na.ssl-images-amazon.com\/images\/I\/31ESB4nfNKL._SS150_.jpg\" class=\"attachment-thumbnail size-thumbnail\" alt=\"\" decoding=\"async\" loading=\"lazy\" srcset=\"https:\/\/images-na.ssl-images-amazon.com\/images\/I\/31ESB4nfNKL._SS150_.jpg 150w, https:\/\/images-na.ssl-images-amazon.com\/images\/I\/31ESB4nfNKL._SS300_.jpg 300w, https:\/\/images-na.ssl-images-amazon.com\/images\/I\/31ESB4nfNKL._SS768_.jpg 768w, https:\/\/images-na.ssl-images-amazon.com\/images\/I\/31ESB4nfNKL._SS1024_.jpg 1024w, https:\/\/images-na.ssl-images-amazon.com\/images\/I\/31ESB4nfNKL._SS1536_.jpg 1536w, https:\/\/images-na.ssl-images-amazon.com\/images\/I\/31ESB4nfNKL._SS2048_.jpg 2048w, https:\/\/images-na.ssl-images-amazon.com\/images\/I\/31ESB4nfNKL._SS80_.jpg 80w, https:\/\/images-na.ssl-images-amazon.com\/images\/I\/31ESB4nfNKL._SS200_.jpg 200w, https:\/\/images-na.ssl-images-amazon.com\/images\/I\/31ESB4nfNKL.jpg 500w, https:\/\/images-na.ssl-images-amazon.com\/images\/I\/31ESB4nfNKL._SS450_.jpg 450w, https:\/\/images-na.ssl-images-amazon.com\/images\/I\/31ESB4nfNKL._SS1400_.jpg 1400w, https:\/\/images-na.ssl-images-amazon.com\/images\/I\/31ESB4nfNKL._SS180_.jpg 180w, https:\/\/images-na.ssl-images-amazon.com\/images\/I\/31ESB4nfNKL._SS600_.jpg 600w, https:\/\/images-na.ssl-images-amazon.com\/images\/I\/31ESB4nfNKL._SS100_.jpg 100w\" sizes=\"(max-width: 150px) 100vw, 150px\" \/><\/a>\n\t\t\t<\/div><\/figure><figure class='gallery-item'>\n\t\t\t<div class='gallery-icon landscape'>\n\t\t\t\t<a href='https:\/\/wellenreiten-surfen.de\/?attachment_id=14128'><img width=\"150\" height=\"150\" src=\"https:\/\/images-na.ssl-images-amazon.com\/images\/I\/41on3wATYhL._SS150_.jpg\" class=\"attachment-thumbnail size-thumbnail\" alt=\"\" decoding=\"async\" loading=\"lazy\" srcset=\"https:\/\/images-na.ssl-images-amazon.com\/images\/I\/41on3wATYhL._SS150_.jpg 150w, https:\/\/images-na.ssl-images-amazon.com\/images\/I\/41on3wATYhL._SS300_.jpg 300w, https:\/\/images-na.ssl-images-amazon.com\/images\/I\/41on3wATYhL._SS768_.jpg 768w, https:\/\/images-na.ssl-images-amazon.com\/images\/I\/41on3wATYhL._SS1024_.jpg 1024w, https:\/\/images-na.ssl-images-amazon.com\/images\/I\/41on3wATYhL._SS1536_.jpg 1536w, https:\/\/images-na.ssl-images-amazon.com\/images\/I\/41on3wATYhL._SS2048_.jpg 2048w, https:\/\/images-na.ssl-images-amazon.com\/images\/I\/41on3wATYhL._SS80_.jpg 80w, https:\/\/images-na.ssl-images-amazon.com\/images\/I\/41on3wATYhL._SS200_.jpg 200w, https:\/\/images-na.ssl-images-amazon.com\/images\/I\/41on3wATYhL.jpg 500w, https:\/\/images-na.ssl-images-amazon.com\/images\/I\/41on3wATYhL._SS450_.jpg 450w, https:\/\/images-na.ssl-images-amazon.com\/images\/I\/41on3wATYhL._SS1400_.jpg 1400w, https:\/\/images-na.ssl-images-amazon.com\/images\/I\/41on3wATYhL._SS180_.jpg 180w, https:\/\/images-na.ssl-images-amazon.com\/images\/I\/41on3wATYhL._SS600_.jpg 600w, https:\/\/images-na.ssl-images-amazon.com\/images\/I\/41on3wATYhL._SS100_.jpg 100w\" sizes=\"(max-width: 150px) 100vw, 150px\" \/><\/a>\n\t\t\t<\/div><\/figure>\n\t\t<\/div>\n<br \/>\n<!-- show up to 2 reviews by default --> <\/p>\n<p>Cormoran Neopren Wathose mit angeschwei\u00dften Kautschukstiefeln und Gummi-Profilsohle Hergestellt aus 4mm doppelt beschichtetem Neopren. Die N\u00e4hte sind geklebt, verdeckt gen\u00e4ht und von innen mit Dichtungsband verschwei\u00dft. Sie sind 100% wasserdicht. Die Stiefel mit &#8222;Steel Shank&#8220; Sohle sind komplett mit Neopren ausgeschlagen. Material Hose: 90% Neopren, 10% Nylon Die Gr\u00f6\u00dfen XL sind spezielle Bauchgr\u00f6\u00dfen <\/p>\n<p>Gr\u00f6\u00dfe: 38\/39, Farbe: gr\u00fcn<br \/>\nMaterial: 90% Neopren, 10% Nylon<br \/>\nNeopren<br \/>\n<div class=\"main-cross-sell\" data-asin=\"B0069KUUUA\">\n\n\t<div class=\"WooZone-cross-sell-loader\">\n\t\t<div>\n\t\t\t<div id=\"floatingBarsG\">\n\t\t\t\t<div class=\"blockG\" id=\"rotateG_01\"><\/div>\n\t\t\t\t<div class=\"blockG\" id=\"rotateG_02\"><\/div>\n\t\t\t\t<div class=\"blockG\" id=\"rotateG_03\"><\/div>\n\t\t\t\t<div class=\"blockG\" id=\"rotateG_04\"><\/div>\n\t\t\t\t<div class=\"blockG\" id=\"rotateG_05\"><\/div>\n\t\t\t\t<div class=\"blockG\" id=\"rotateG_06\"><\/div>\n\t\t\t\t<div class=\"blockG\" id=\"rotateG_07\"><\/div>\n\t\t\t\t<div class=\"blockG\" id=\"rotateG_08\"><\/div>\n\t\t\t<\/div>\n\t\t\t<div class=\"WooZone-cross-sell-loader-text\"><\/div>\n\t\t<\/div>\n\t<\/div>\n\n\t\t\n<\/div>\n<div style=\"clear:both;\"><\/div>\n","protected":false},"excerpt":{"rendered":"<p>Gr\u00f6\u00dfe: 38\/39, Farbe: gr\u00fcn<br \/>\nMaterial: 90% Neopren, 10% Nylon<br \/>\nNeopren<\/p>\n","protected":false},"featured_media":14127,"comment_status":"open","ping_status":"closed","template":"","meta":[],"product_cat":[51],"product_tag":[],"_links":{"self":[{"href":"https:\/\/wellenreiten-surfen.de\/index.php?rest_route=\/wp\/v2\/product\/14126"}],"collection":[{"href":"https:\/\/wellenreiten-surfen.de\/index.php?rest_route=\/wp\/v2\/product"}],"about":[{"href":"https:\/\/wellenreiten-surfen.de\/index.php?rest_route=\/wp\/v2\/types\/product"}],"replies":[{"embeddable":true,"href":"https:\/\/wellenreiten-surfen.de\/index.php?rest_route=%2Fwp%2Fv2%2Fcomments&post=14126"}],"wp:featuredmedia":[{"embeddable":true,"href":"https:\/\/wellenreiten-surfen.de\/index.php?rest_route=\/wp\/v2\/media\/14127"}],"wp:attachment":[{"href":"https:\/\/wellenreiten-surfen.de\/index.php?rest_route=%2Fwp%2Fv2%2Fmedia&parent=14126"}],"wp:term":[{"taxonomy":"product_cat","embeddable":true,"href":"https:\/\/wellenreiten-surfen.de\/index.php?rest_route=%2Fwp%2Fv2%2Fproduct_cat&post=14126"},{"taxonomy":"product_tag","embeddable":true,"href":"https:\/\/wellenreiten-surfen.de\/index.php?rest_route=%2Fwp%2Fv2%2Fproduct_tag&post=14126"}],"curies":[{"name":"wp","href":"https:\/\/api.w.org\/{rel}","templated":true}]}}