{"id":14129,"date":"2021-04-29T11:49:47","date_gmt":"2021-04-29T11:49:47","guid":{"rendered":"https:\/\/wellenreiten-surfen.de\/?product=neopren-wathose-4mm-ll-45-46"},"modified":"2023-04-08T23:15:12","modified_gmt":"2023-04-08T23:15:12","slug":"neopren-wathose-4mm-ll-45-46","status":"publish","type":"product","link":"https:\/\/wellenreiten-surfen.de\/?product=neopren-wathose-4mm-ll-45-46","title":{"rendered":"Behr Unisex-Adult 8619003 Angelhosen, Standard"},"content":{"rendered":"<p><!-- show up to 2 reviews by default --> <\/p>\n<\/p>\n<p>Diese neue High Back Wathose ist aus bestem und 4 mm starkem Neopren hergestellt. Der Unterschied zu unseren anderen Modellen liegt im Stiefel. Dieser ist bei dieser Wathose nicht mit Neopren ausgelegt, was die Wathose preiswerter macht. Alle N\u00e4hte sind doppelt verschwei\u00dft und versiegelt. Wie alle High Back Wathosen ist die R\u00fcckenpartie hochgezogen, f\u00fcr optimale Ausnutzung der Wassertiefe, also noch n\u00e4her am Fisch sein. Die Wathose hat eine Brusttasche und zwei aufgesetzte Einschubtaschen links und rechts. Die Wathose ist absolut wasserdicht. Jedes einzelne St\u00fcck wird vor Verlassen des Werkes im sogenannten Wasserbad auf Dichtigkeit \u00fcberpr\u00fcft. Lieferung im Plastikbeutel.<\/p>\n<ul>\n<li>High Back Modell mit robuster und rutschfester Profilsohle<\/li>\n<li>Mit flexiblen Klettband-Tr\u00e4gern<\/li>\n<li>Brusttasche mit Klettverschluss<\/li>\n<li>Zwei aufgesetzte Handw\u00e4rme-Taschen<\/li>\n<li>4mm hochqualitatives Neopren, doppelt beschichtet, wie im Tauchsport f\u00fcr Dry and Wetsuits verwendet<\/li>\n<li>Doppelt verschwei\u00dfte N\u00e4hte im sogenannten &#8222;Blind-Stitching&#8220; Verfahren verarbeitet<\/li>\n<li>100% wasserdicht<\/li>\n<li>Material: 90% Neopren, 10% Nylon<\/li>\n<\/ul>\n<\/p>\n<p>Wathosenstil: Brust-Wathose<br \/>\nEigenschaften: Lang, Rutschfeste Sohle, Stiefel, Thermo- &amp; W\u00e4rmehose, Verstellbare Hosentr\u00e4ger<br \/>\n100% Neopren<br \/>\nGeschlecht: Unisex Erwachsene<br \/>\nMaterial: Neopren<br \/>\nGr\u00f6\u00dfe: LL 45-46<br \/>\n<div class=\"main-cross-sell\" data-asin=\"B00QL4AFUO\">\n\n\t<div class=\"WooZone-cross-sell-loader\">\n\t\t<div>\n\t\t\t<div id=\"floatingBarsG\">\n\t\t\t\t<div class=\"blockG\" id=\"rotateG_01\"><\/div>\n\t\t\t\t<div class=\"blockG\" id=\"rotateG_02\"><\/div>\n\t\t\t\t<div class=\"blockG\" id=\"rotateG_03\"><\/div>\n\t\t\t\t<div class=\"blockG\" id=\"rotateG_04\"><\/div>\n\t\t\t\t<div class=\"blockG\" id=\"rotateG_05\"><\/div>\n\t\t\t\t<div class=\"blockG\" id=\"rotateG_06\"><\/div>\n\t\t\t\t<div class=\"blockG\" id=\"rotateG_07\"><\/div>\n\t\t\t\t<div class=\"blockG\" id=\"rotateG_08\"><\/div>\n\t\t\t<\/div>\n\t\t\t<div class=\"WooZone-cross-sell-loader-text\"><\/div>\n\t\t<\/div>\n\t<\/div>\n\n\t\t\n<\/div>\n<div style=\"clear:both;\"><\/div>\n","protected":false},"excerpt":{"rendered":"<p>Wathosenstil: Brust-Wathose<br \/>\nEigenschaften: Lang, Rutschfeste Sohle, Stiefel, Thermo- &amp; W\u00e4rmehose, Verstellbare Hosentr\u00e4ger<br \/>\n100% Neopren<\/p>\n","protected":false},"featured_media":14130,"comment_status":"open","ping_status":"closed","template":"","meta":[],"product_cat":[51],"product_tag":[],"_links":{"self":[{"href":"https:\/\/wellenreiten-surfen.de\/index.php?rest_route=\/wp\/v2\/product\/14129"}],"collection":[{"href":"https:\/\/wellenreiten-surfen.de\/index.php?rest_route=\/wp\/v2\/product"}],"about":[{"href":"https:\/\/wellenreiten-surfen.de\/index.php?rest_route=\/wp\/v2\/types\/product"}],"replies":[{"embeddable":true,"href":"https:\/\/wellenreiten-surfen.de\/index.php?rest_route=%2Fwp%2Fv2%2Fcomments&post=14129"}],"wp:featuredmedia":[{"embeddable":true,"href":"https:\/\/wellenreiten-surfen.de\/index.php?rest_route=\/wp\/v2\/media\/14130"}],"wp:attachment":[{"href":"https:\/\/wellenreiten-surfen.de\/index.php?rest_route=%2Fwp%2Fv2%2Fmedia&parent=14129"}],"wp:term":[{"taxonomy":"product_cat","embeddable":true,"href":"https:\/\/wellenreiten-surfen.de\/index.php?rest_route=%2Fwp%2Fv2%2Fproduct_cat&post=14129"},{"taxonomy":"product_tag","embeddable":true,"href":"https:\/\/wellenreiten-surfen.de\/index.php?rest_route=%2Fwp%2Fv2%2Fproduct_tag&post=14129"}],"curies":[{"name":"wp","href":"https:\/\/api.w.org\/{rel}","templated":true}]}}