{"id":14178,"date":"2021-04-29T11:50:07","date_gmt":"2021-04-29T11:50:07","guid":{"rendered":"https:\/\/wellenreiten-surfen.de\/?product=hiko-neopren-short-hose-3mm-sitzform-wassersport-kanu-kajak-canadier"},"modified":"2023-04-08T23:15:13","modified_gmt":"2023-04-08T23:15:13","slug":"hiko-neopren-short-hose-3mm-sitzform-wassersport-kanu-kajak-canadier","status":"publish","type":"product","link":"https:\/\/wellenreiten-surfen.de\/?product=hiko-neopren-short-hose-3mm-sitzform-wassersport-kanu-kajak-canadier","title":{"rendered":"Hiko Neopren Short Hose 3mm Sitzform Wassersport Kanu Kajak Canadier"},"content":{"rendered":"<div id='gallery-1' class='gallery galleryid-14178 gallery-columns-3 gallery-size-thumbnail'><figure class='gallery-item'>\n\t\t\t<div class='gallery-icon landscape'>\n\t\t\t\t<a href='https:\/\/wellenreiten-surfen.de\/?attachment_id=14179'><img width=\"150\" height=\"150\" src=\"https:\/\/images-na.ssl-images-amazon.com\/images\/I\/41sWDMgYG1L._SS150_.jpg\" class=\"attachment-thumbnail size-thumbnail\" alt=\"\" decoding=\"async\" loading=\"lazy\" srcset=\"https:\/\/images-na.ssl-images-amazon.com\/images\/I\/41sWDMgYG1L._SS150_.jpg 150w, https:\/\/images-na.ssl-images-amazon.com\/images\/I\/41sWDMgYG1L._SS300_.jpg 300w, https:\/\/images-na.ssl-images-amazon.com\/images\/I\/41sWDMgYG1L._SS768_.jpg 768w, https:\/\/images-na.ssl-images-amazon.com\/images\/I\/41sWDMgYG1L._SS1024_.jpg 1024w, https:\/\/images-na.ssl-images-amazon.com\/images\/I\/41sWDMgYG1L._SS1536_.jpg 1536w, https:\/\/images-na.ssl-images-amazon.com\/images\/I\/41sWDMgYG1L._SS2048_.jpg 2048w, https:\/\/images-na.ssl-images-amazon.com\/images\/I\/41sWDMgYG1L._SS80_.jpg 80w, https:\/\/images-na.ssl-images-amazon.com\/images\/I\/41sWDMgYG1L._SS200_.jpg 200w, https:\/\/images-na.ssl-images-amazon.com\/images\/I\/41sWDMgYG1L.jpg 500w, https:\/\/images-na.ssl-images-amazon.com\/images\/I\/41sWDMgYG1L._SS450_.jpg 450w, https:\/\/images-na.ssl-images-amazon.com\/images\/I\/41sWDMgYG1L._SS1400_.jpg 1400w, https:\/\/images-na.ssl-images-amazon.com\/images\/I\/41sWDMgYG1L._SS180_.jpg 180w, https:\/\/images-na.ssl-images-amazon.com\/images\/I\/41sWDMgYG1L._SS600_.jpg 600w, https:\/\/images-na.ssl-images-amazon.com\/images\/I\/41sWDMgYG1L._SS100_.jpg 100w\" sizes=\"(max-width: 150px) 100vw, 150px\" \/><\/a>\n\t\t\t<\/div><\/figure><figure class='gallery-item'>\n\t\t\t<div class='gallery-icon landscape'>\n\t\t\t\t<a href='https:\/\/wellenreiten-surfen.de\/?attachment_id=14180'><img width=\"150\" height=\"150\" src=\"https:\/\/images-na.ssl-images-amazon.com\/images\/I\/41wyLulYH5L._SS150_.jpg\" class=\"attachment-thumbnail size-thumbnail\" alt=\"\" decoding=\"async\" loading=\"lazy\" srcset=\"https:\/\/images-na.ssl-images-amazon.com\/images\/I\/41wyLulYH5L._SS150_.jpg 150w, https:\/\/images-na.ssl-images-amazon.com\/images\/I\/41wyLulYH5L._SS300_.jpg 300w, https:\/\/images-na.ssl-images-amazon.com\/images\/I\/41wyLulYH5L._SS768_.jpg 768w, https:\/\/images-na.ssl-images-amazon.com\/images\/I\/41wyLulYH5L._SS1024_.jpg 1024w, https:\/\/images-na.ssl-images-amazon.com\/images\/I\/41wyLulYH5L._SS1536_.jpg 1536w, https:\/\/images-na.ssl-images-amazon.com\/images\/I\/41wyLulYH5L._SS2048_.jpg 2048w, https:\/\/images-na.ssl-images-amazon.com\/images\/I\/41wyLulYH5L._SS80_.jpg 80w, https:\/\/images-na.ssl-images-amazon.com\/images\/I\/41wyLulYH5L._SS200_.jpg 200w, https:\/\/images-na.ssl-images-amazon.com\/images\/I\/41wyLulYH5L.jpg 500w, https:\/\/images-na.ssl-images-amazon.com\/images\/I\/41wyLulYH5L._SS450_.jpg 450w, https:\/\/images-na.ssl-images-amazon.com\/images\/I\/41wyLulYH5L._SS1400_.jpg 1400w, https:\/\/images-na.ssl-images-amazon.com\/images\/I\/41wyLulYH5L._SS180_.jpg 180w, https:\/\/images-na.ssl-images-amazon.com\/images\/I\/41wyLulYH5L._SS600_.jpg 600w, https:\/\/images-na.ssl-images-amazon.com\/images\/I\/41wyLulYH5L._SS100_.jpg 100w\" sizes=\"(max-width: 150px) 100vw, 150px\" \/><\/a>\n\t\t\t<\/div><\/figure>\n\t\t<\/div>\n<br \/>\n<!-- show up to 2 reviews by default --> <\/p>\n<p>Top-Seller vom Kanu-Spezialisten Hiko<br \/>Dickere Neoprenshort von Hiko mit Verst\u00e4rkung aus Supratex am Ges\u00e4\u00df. Die Hose ist in Sitzform und der R\u00fccken ist h\u00f6her geschnitten. Eine optimale Hose f\u00fcr die Trainingseinheiten an den k\u00e4lteren Tagen oder f\u00fcr Kanu-Wandertouren, wenn ein Long John oder eine lange Hose noch zu warm sind.<br \/>Die Short ist solide verarbeitet und hat einen angenehmen Schnitt. Durch das beidseitig kaschierte Neopren kann die Hose bequem an- und ausgezogen werden . Sie trocknet sehr schnell. Eigentlich eine Hose, die jeder Paddler haben muss.<br \/>Material: 3mm Neopren, Supratex<br \/>Farbe: schwarz<br \/>Gr\u00f6\u00dfen: XXS; XS; S; M; L; XL; XXL; XXXL<br \/>Bestellnr: 01064601 <\/p>\n<p>Gr\u00f6\u00dfentabelle:<br \/>\nAchtung: Bitte messen sie an der umfanggr\u00f6\u00dften Stelle. Sollten sie an der Grenze zwischen zwei Gr\u00f6\u00dfen liegen, dann w\u00e4hlen sie bitte die gr\u00f6\u00dfere Gr\u00f6\u00dfe, da die Hose eher eng ausf\u00e4llt.<br \/>\n100% Neopren<br \/>\nH\u00fcftumfang Gr\u00f6\u00dfe: in cm: XXXS 76 &#8211; 80 XXS 80 &#8211; 84 XS 84 &#8211; 88 S 88 &#8211; 92 M 92 &#8211; 96 L 96 &#8211; 100 XL 100 &#8211; 104 XXL 104 &#8211; 108 XXXL 108 &#8211; 112<br \/>\n<div class=\"main-cross-sell\" data-asin=\"B016IH7ORK\">\n\n\t<div class=\"WooZone-cross-sell-loader\">\n\t\t<div>\n\t\t\t<div id=\"floatingBarsG\">\n\t\t\t\t<div class=\"blockG\" id=\"rotateG_01\"><\/div>\n\t\t\t\t<div class=\"blockG\" id=\"rotateG_02\"><\/div>\n\t\t\t\t<div class=\"blockG\" id=\"rotateG_03\"><\/div>\n\t\t\t\t<div class=\"blockG\" id=\"rotateG_04\"><\/div>\n\t\t\t\t<div class=\"blockG\" id=\"rotateG_05\"><\/div>\n\t\t\t\t<div class=\"blockG\" id=\"rotateG_06\"><\/div>\n\t\t\t\t<div class=\"blockG\" id=\"rotateG_07\"><\/div>\n\t\t\t\t<div class=\"blockG\" id=\"rotateG_08\"><\/div>\n\t\t\t<\/div>\n\t\t\t<div class=\"WooZone-cross-sell-loader-text\"><\/div>\n\t\t<\/div>\n\t<\/div>\n\n\t\t\n<\/div>\n<div style=\"clear:both;\"><\/div>\n","protected":false},"excerpt":{"rendered":"<p>Gr\u00f6\u00dfentabelle:<br \/>\nAchtung: Bitte messen sie an der umfanggr\u00f6\u00dften Stelle. Sollten sie an der Grenze zwischen zwei Gr\u00f6\u00dfen liegen, dann w\u00e4hlen sie bitte die gr\u00f6\u00dfere Gr\u00f6\u00dfe, da die Hose eher eng ausf\u00e4llt.<br \/>\n100% Neopren<\/p>\n","protected":false},"featured_media":14179,"comment_status":"open","ping_status":"closed","template":"","meta":[],"product_cat":[51],"product_tag":[],"_links":{"self":[{"href":"https:\/\/wellenreiten-surfen.de\/index.php?rest_route=\/wp\/v2\/product\/14178"}],"collection":[{"href":"https:\/\/wellenreiten-surfen.de\/index.php?rest_route=\/wp\/v2\/product"}],"about":[{"href":"https:\/\/wellenreiten-surfen.de\/index.php?rest_route=\/wp\/v2\/types\/product"}],"replies":[{"embeddable":true,"href":"https:\/\/wellenreiten-surfen.de\/index.php?rest_route=%2Fwp%2Fv2%2Fcomments&post=14178"}],"wp:featuredmedia":[{"embeddable":true,"href":"https:\/\/wellenreiten-surfen.de\/index.php?rest_route=\/wp\/v2\/media\/14179"}],"wp:attachment":[{"href":"https:\/\/wellenreiten-surfen.de\/index.php?rest_route=%2Fwp%2Fv2%2Fmedia&parent=14178"}],"wp:term":[{"taxonomy":"product_cat","embeddable":true,"href":"https:\/\/wellenreiten-surfen.de\/index.php?rest_route=%2Fwp%2Fv2%2Fproduct_cat&post=14178"},{"taxonomy":"product_tag","embeddable":true,"href":"https:\/\/wellenreiten-surfen.de\/index.php?rest_route=%2Fwp%2Fv2%2Fproduct_tag&post=14178"}],"curies":[{"name":"wp","href":"https:\/\/api.w.org\/{rel}","templated":true}]}}