{"id":14185,"date":"2021-04-29T11:50:10","date_gmt":"2021-04-29T11:50:10","guid":{"rendered":"https:\/\/wellenreiten-surfen.de\/?product=oneill-herren-reactor"},"modified":"2023-04-08T23:15:13","modified_gmt":"2023-04-08T23:15:13","slug":"oneill-herren-reactor","status":"publish","type":"product","link":"https:\/\/wellenreiten-surfen.de\/?product=oneill-herren-reactor","title":{"rendered":"O&#8217;Neill Neoprenanzug Reactor II 3\/2mm Backzip Full"},"content":{"rendered":"<div id='gallery-1' class='gallery galleryid-14185 gallery-columns-3 gallery-size-thumbnail'><figure class='gallery-item'>\n\t\t\t<div class='gallery-icon landscape'>\n\t\t\t\t<a href='https:\/\/wellenreiten-surfen.de\/?attachment_id=14186'><img width=\"150\" height=\"150\" src=\"https:\/\/images-na.ssl-images-amazon.com\/images\/I\/31vVyCul6UL._SS150_.jpg\" class=\"attachment-thumbnail size-thumbnail\" alt=\"\" decoding=\"async\" loading=\"lazy\" srcset=\"https:\/\/images-na.ssl-images-amazon.com\/images\/I\/31vVyCul6UL._SS150_.jpg 150w, https:\/\/images-na.ssl-images-amazon.com\/images\/I\/31vVyCul6UL._SS300_.jpg 300w, https:\/\/images-na.ssl-images-amazon.com\/images\/I\/31vVyCul6UL._SS768_.jpg 768w, https:\/\/images-na.ssl-images-amazon.com\/images\/I\/31vVyCul6UL._SS1024_.jpg 1024w, https:\/\/images-na.ssl-images-amazon.com\/images\/I\/31vVyCul6UL._SS1536_.jpg 1536w, https:\/\/images-na.ssl-images-amazon.com\/images\/I\/31vVyCul6UL._SS2048_.jpg 2048w, https:\/\/images-na.ssl-images-amazon.com\/images\/I\/31vVyCul6UL._SS80_.jpg 80w, https:\/\/images-na.ssl-images-amazon.com\/images\/I\/31vVyCul6UL._SS200_.jpg 200w, https:\/\/images-na.ssl-images-amazon.com\/images\/I\/31vVyCul6UL.jpg 500w, https:\/\/images-na.ssl-images-amazon.com\/images\/I\/31vVyCul6UL._SS450_.jpg 450w, https:\/\/images-na.ssl-images-amazon.com\/images\/I\/31vVyCul6UL._SS1400_.jpg 1400w, https:\/\/images-na.ssl-images-amazon.com\/images\/I\/31vVyCul6UL._SS180_.jpg 180w, https:\/\/images-na.ssl-images-amazon.com\/images\/I\/31vVyCul6UL._SS600_.jpg 600w, https:\/\/images-na.ssl-images-amazon.com\/images\/I\/31vVyCul6UL._SS100_.jpg 100w\" sizes=\"(max-width: 150px) 100vw, 150px\" \/><\/a>\n\t\t\t<\/div><\/figure><figure class='gallery-item'>\n\t\t\t<div class='gallery-icon landscape'>\n\t\t\t\t<a href='https:\/\/wellenreiten-surfen.de\/?attachment_id=14187'><img width=\"150\" height=\"150\" src=\"https:\/\/images-na.ssl-images-amazon.com\/images\/I\/31OSiQcOKDL._SS150_.jpg\" class=\"attachment-thumbnail size-thumbnail\" alt=\"\" decoding=\"async\" loading=\"lazy\" srcset=\"https:\/\/images-na.ssl-images-amazon.com\/images\/I\/31OSiQcOKDL._SS150_.jpg 150w, https:\/\/images-na.ssl-images-amazon.com\/images\/I\/31OSiQcOKDL._SS300_.jpg 300w, https:\/\/images-na.ssl-images-amazon.com\/images\/I\/31OSiQcOKDL._SS768_.jpg 768w, https:\/\/images-na.ssl-images-amazon.com\/images\/I\/31OSiQcOKDL._SS1024_.jpg 1024w, https:\/\/images-na.ssl-images-amazon.com\/images\/I\/31OSiQcOKDL._SS1536_.jpg 1536w, https:\/\/images-na.ssl-images-amazon.com\/images\/I\/31OSiQcOKDL._SS2048_.jpg 2048w, https:\/\/images-na.ssl-images-amazon.com\/images\/I\/31OSiQcOKDL._SS80_.jpg 80w, https:\/\/images-na.ssl-images-amazon.com\/images\/I\/31OSiQcOKDL._SS200_.jpg 200w, https:\/\/images-na.ssl-images-amazon.com\/images\/I\/31OSiQcOKDL.jpg 500w, https:\/\/images-na.ssl-images-amazon.com\/images\/I\/31OSiQcOKDL._SS450_.jpg 450w, https:\/\/images-na.ssl-images-amazon.com\/images\/I\/31OSiQcOKDL._SS1400_.jpg 1400w, https:\/\/images-na.ssl-images-amazon.com\/images\/I\/31OSiQcOKDL._SS180_.jpg 180w, https:\/\/images-na.ssl-images-amazon.com\/images\/I\/31OSiQcOKDL._SS600_.jpg 600w, https:\/\/images-na.ssl-images-amazon.com\/images\/I\/31OSiQcOKDL._SS100_.jpg 100w\" sizes=\"(max-width: 150px) 100vw, 150px\" \/><\/a>\n\t\t\t<\/div><\/figure><figure class='gallery-item'>\n\t\t\t<div class='gallery-icon landscape'>\n\t\t\t\t<a href='https:\/\/wellenreiten-surfen.de\/?attachment_id=14188'><img width=\"150\" height=\"150\" src=\"https:\/\/images-na.ssl-images-amazon.com\/images\/I\/51OkaJjsAfL._SS150_.jpg\" class=\"attachment-thumbnail size-thumbnail\" alt=\"\" decoding=\"async\" loading=\"lazy\" srcset=\"https:\/\/images-na.ssl-images-amazon.com\/images\/I\/51OkaJjsAfL._SS150_.jpg 150w, https:\/\/images-na.ssl-images-amazon.com\/images\/I\/51OkaJjsAfL._SS300_.jpg 300w, https:\/\/images-na.ssl-images-amazon.com\/images\/I\/51OkaJjsAfL._SS768_.jpg 768w, https:\/\/images-na.ssl-images-amazon.com\/images\/I\/51OkaJjsAfL._SS1024_.jpg 1024w, https:\/\/images-na.ssl-images-amazon.com\/images\/I\/51OkaJjsAfL._SS1536_.jpg 1536w, https:\/\/images-na.ssl-images-amazon.com\/images\/I\/51OkaJjsAfL._SS2048_.jpg 2048w, https:\/\/images-na.ssl-images-amazon.com\/images\/I\/51OkaJjsAfL._SS80_.jpg 80w, https:\/\/images-na.ssl-images-amazon.com\/images\/I\/51OkaJjsAfL._SS200_.jpg 200w, https:\/\/images-na.ssl-images-amazon.com\/images\/I\/51OkaJjsAfL.jpg 500w, https:\/\/images-na.ssl-images-amazon.com\/images\/I\/51OkaJjsAfL._SS450_.jpg 450w, https:\/\/images-na.ssl-images-amazon.com\/images\/I\/51OkaJjsAfL._SS1400_.jpg 1400w, https:\/\/images-na.ssl-images-amazon.com\/images\/I\/51OkaJjsAfL._SS180_.jpg 180w, https:\/\/images-na.ssl-images-amazon.com\/images\/I\/51OkaJjsAfL._SS600_.jpg 600w, https:\/\/images-na.ssl-images-amazon.com\/images\/I\/51OkaJjsAfL._SS100_.jpg 100w\" sizes=\"(max-width: 150px) 100vw, 150px\" \/><\/a>\n\t\t\t<\/div><\/figure>\n\t\t<\/div>\n<br \/>\n<!-- show up to 2 reviews by default --> <\/p>\n<p> Ob Sie nun auf oder auf dem Wasser sind zwischendurch oder die Aussicht genie\u00dfen O&#8216;;Neill bietet Ihnen alles. Wir bieten eine gro\u00dfe Auswahl an Hochleistungs-Schichtteilen an die einzeln oder in Kombination mit Zubeh\u00f6r verwendet werden k\u00f6nnen um Sie vor den Elementen zu sch\u00fctzen. Durch kaltes Wasser Wind und UV-Schutz k\u00f6nnen Sie l\u00e4nger leben und jede Minute drau\u00dfen genie\u00dfen. First In Last Out. Mehr Spa\u00df. <\/p>\n<p> Mesh Smooth Skin Fluid Foam Brust und R\u00fccken Krypto Kniesch\u00fctzer ergonomischer Knieschutz Glatte Haut fl\u00fcssiger Schaum Hals 30% FluidFlex \/ 70% Fluid Foam YKK Back Zip System Single Super Seal Collar &#8211; Voll einstellbares Siegel Versteckte Schl\u00fcsseltasche Flatlock-N\u00e4hte Strategische nahtlose Paddelzonen<\/p>\n<p>Please note that where applicable, sizes shown are United Kingdom sizes. <\/p>\n<p>Ideal Entry Level Value Driven Wetsuit; Perfect For Surfing, Diving, Paddle Sports, Lake Activities, And Beach Days<br \/>\nBackzip System Provides Easy Entry And Exit With A Water Resistant Closure<br \/>\nUltra Stretch Neoprene: Incredibly Soft Premium Material Has Superior Feel, Flexibility, And Elevates Performance<br \/>\nSeamless Paddle Zones&#8217;s Flexible Design Utilizes Minimal Seam Placement For Comfort And Maximum Mobility<br \/>\nWind-Resistant Smoothskin Provides Extra Insulation And Protection Against The Cold<br \/>\n<div class=\"main-cross-sell\" data-asin=\"B078T1MX5J\">\n\n\t<div class=\"WooZone-cross-sell-loader\">\n\t\t<div>\n\t\t\t<div id=\"floatingBarsG\">\n\t\t\t\t<div class=\"blockG\" id=\"rotateG_01\"><\/div>\n\t\t\t\t<div class=\"blockG\" id=\"rotateG_02\"><\/div>\n\t\t\t\t<div class=\"blockG\" id=\"rotateG_03\"><\/div>\n\t\t\t\t<div class=\"blockG\" id=\"rotateG_04\"><\/div>\n\t\t\t\t<div class=\"blockG\" id=\"rotateG_05\"><\/div>\n\t\t\t\t<div class=\"blockG\" id=\"rotateG_06\"><\/div>\n\t\t\t\t<div class=\"blockG\" id=\"rotateG_07\"><\/div>\n\t\t\t\t<div class=\"blockG\" id=\"rotateG_08\"><\/div>\n\t\t\t<\/div>\n\t\t\t<div class=\"WooZone-cross-sell-loader-text\"><\/div>\n\t\t<\/div>\n\t<\/div>\n\n\t\t\n<\/div>\n<div style=\"clear:both;\"><\/div>\n","protected":false},"excerpt":{"rendered":"<p>Ideal Entry Level Value Driven Wetsuit; Perfect For Surfing, Diving, Paddle Sports, Lake Activities, And Beach Days<br \/>\nBackzip System Provides Easy Entry And Exit With A Water Resistant Closure<br \/>\nUltra Stretch Neoprene: Incredibly Soft Premium Material Has Superior Feel, Flexibility, And Elevates Performance<\/p>\n","protected":false},"featured_media":14186,"comment_status":"open","ping_status":"closed","template":"","meta":[],"product_cat":[51],"product_tag":[],"_links":{"self":[{"href":"https:\/\/wellenreiten-surfen.de\/index.php?rest_route=\/wp\/v2\/product\/14185"}],"collection":[{"href":"https:\/\/wellenreiten-surfen.de\/index.php?rest_route=\/wp\/v2\/product"}],"about":[{"href":"https:\/\/wellenreiten-surfen.de\/index.php?rest_route=\/wp\/v2\/types\/product"}],"replies":[{"embeddable":true,"href":"https:\/\/wellenreiten-surfen.de\/index.php?rest_route=%2Fwp%2Fv2%2Fcomments&post=14185"}],"wp:featuredmedia":[{"embeddable":true,"href":"https:\/\/wellenreiten-surfen.de\/index.php?rest_route=\/wp\/v2\/media\/14186"}],"wp:attachment":[{"href":"https:\/\/wellenreiten-surfen.de\/index.php?rest_route=%2Fwp%2Fv2%2Fmedia&parent=14185"}],"wp:term":[{"taxonomy":"product_cat","embeddable":true,"href":"https:\/\/wellenreiten-surfen.de\/index.php?rest_route=%2Fwp%2Fv2%2Fproduct_cat&post=14185"},{"taxonomy":"product_tag","embeddable":true,"href":"https:\/\/wellenreiten-surfen.de\/index.php?rest_route=%2Fwp%2Fv2%2Fproduct_tag&post=14185"}],"curies":[{"name":"wp","href":"https:\/\/api.w.org\/{rel}","templated":true}]}}