{"id":14261,"date":"2021-04-29T11:53:59","date_gmt":"2021-04-29T11:53:59","guid":{"rendered":"https:\/\/wellenreiten-surfen.de\/?product=ascan-junior-overall-4mm-kinder-neoprenanzug-surfanzug"},"modified":"2023-04-08T23:15:13","modified_gmt":"2023-04-08T23:15:13","slug":"ascan-junior-overall-4mm-kinder-neoprenanzug-surfanzug","status":"publish","type":"product","link":"https:\/\/wellenreiten-surfen.de\/?product=ascan-junior-overall-4mm-kinder-neoprenanzug-surfanzug","title":{"rendered":"Ascan JUNIOR Overall 4mm Kinder Neoprenanzug Surfanzug"},"content":{"rendered":"<p><!-- show up to 2 reviews by default --> <\/p>\n<p>Ascan JUNIOR Overall 4 mm kaschiertes Neopren. bestes Preisleistungsverh\u00e4ltnis! neuestes Modell Neuware mit Rechnung, gesetzlicher Garantie und 30 Tage Widerrufs- und R\u00fcckgaberecht Produktbeschreibung: professionell und preiswert!! NEUES MODELL! Sehr warmer und robuster Kinder Junior Neoprenanzug mit vertikalem R\u00fcckenrei\u00dfverschluss . 100 % kaschiert 100 % robust! bestes Preis\/Leistungsverh\u00e4ltnis Blindstichn\u00e4hte, wasserdicht verklebt. Sehr gute Passform Body 4 mm kaschiert, Arme und Beine 3 mm kaschiert, Abschl\u00fcsse Achsel und Kniekehle 2,5 mm .KOMPLETT TITANBESCHICHTET . IHRE VORTEILE BEI UNS: 30 Tage Widerrufs- und R\u00fcckgaberecht Sehr niedrige Versandkosten Rechnung mit ausgewiesener Mehrwertsteuer 2 Jahre Garantie bestes Preis-Leistungsverh\u00e4ltnis Sehr kurze Lieferzeit: meist innerhalb 24h (1 Werktag) sofort nach dem Kauf Beratung bequem per Telefon oder E-Mail problemlose Garantieabwicklung Neoprenspezialist direkt vom Profi surfshop24.de kostenfreie Servicehotline: 0800-NEOPREN = 0800-6367736 <\/p>\n<p>NEU: Ascan Overall Junior Neoprenanzug Kinder 4 mm kaschiertes Neopren. Sehr warm und robust !<br \/>\nBody 4 mm, Beine 3 mm und Arme 3 mm. Abschl\u00fcsse, Achsel und Kniekehle 2.5 mm kaschiert.<br \/>\nModellnummer: Ascan Junior Overall<br \/>\nN\u00e4hte blindstich gen\u00e4ht und verklebt. mit vertikalem R\u00fcckenrei\u00dfverschluss<br \/>\nKOMPLETT TITANBESCHICHTET! 100 % kaschiert ! 100 % robust !!<br \/>\nJunior und Kiner Neoprenanzug. super Preis-\/Leistungsverh\u00e4ltnis.<br \/>\n<div class=\"main-cross-sell\" data-asin=\"B0079X7VN0\">\n\n\t<div class=\"WooZone-cross-sell-loader\">\n\t\t<div>\n\t\t\t<div id=\"floatingBarsG\">\n\t\t\t\t<div class=\"blockG\" id=\"rotateG_01\"><\/div>\n\t\t\t\t<div class=\"blockG\" id=\"rotateG_02\"><\/div>\n\t\t\t\t<div class=\"blockG\" id=\"rotateG_03\"><\/div>\n\t\t\t\t<div class=\"blockG\" id=\"rotateG_04\"><\/div>\n\t\t\t\t<div class=\"blockG\" id=\"rotateG_05\"><\/div>\n\t\t\t\t<div class=\"blockG\" id=\"rotateG_06\"><\/div>\n\t\t\t\t<div class=\"blockG\" id=\"rotateG_07\"><\/div>\n\t\t\t\t<div class=\"blockG\" id=\"rotateG_08\"><\/div>\n\t\t\t<\/div>\n\t\t\t<div class=\"WooZone-cross-sell-loader-text\"><\/div>\n\t\t<\/div>\n\t<\/div>\n\n\t\t\n<\/div>\n<div style=\"clear:both;\"><\/div>\n","protected":false},"excerpt":{"rendered":"<p>NEU: Ascan Overall Junior Neoprenanzug Kinder 4 mm kaschiertes Neopren. Sehr warm und robust !<br \/>\nBody 4 mm, Beine 3 mm und Arme 3 mm. Abschl\u00fcsse, Achsel und Kniekehle 2.5 mm kaschiert.<br \/>\nModellnummer: Ascan Junior Overall<\/p>\n","protected":false},"featured_media":14262,"comment_status":"open","ping_status":"closed","template":"","meta":[],"product_cat":[51],"product_tag":[],"_links":{"self":[{"href":"https:\/\/wellenreiten-surfen.de\/index.php?rest_route=\/wp\/v2\/product\/14261"}],"collection":[{"href":"https:\/\/wellenreiten-surfen.de\/index.php?rest_route=\/wp\/v2\/product"}],"about":[{"href":"https:\/\/wellenreiten-surfen.de\/index.php?rest_route=\/wp\/v2\/types\/product"}],"replies":[{"embeddable":true,"href":"https:\/\/wellenreiten-surfen.de\/index.php?rest_route=%2Fwp%2Fv2%2Fcomments&post=14261"}],"wp:featuredmedia":[{"embeddable":true,"href":"https:\/\/wellenreiten-surfen.de\/index.php?rest_route=\/wp\/v2\/media\/14262"}],"wp:attachment":[{"href":"https:\/\/wellenreiten-surfen.de\/index.php?rest_route=%2Fwp%2Fv2%2Fmedia&parent=14261"}],"wp:term":[{"taxonomy":"product_cat","embeddable":true,"href":"https:\/\/wellenreiten-surfen.de\/index.php?rest_route=%2Fwp%2Fv2%2Fproduct_cat&post=14261"},{"taxonomy":"product_tag","embeddable":true,"href":"https:\/\/wellenreiten-surfen.de\/index.php?rest_route=%2Fwp%2Fv2%2Fproduct_tag&post=14261"}],"curies":[{"name":"wp","href":"https:\/\/api.w.org\/{rel}","templated":true}]}}