{"id":14294,"date":"2021-04-29T11:54:13","date_gmt":"2021-04-29T11:54:13","guid":{"rendered":"https:\/\/wellenreiten-surfen.de\/?product=pawhits-neoprenanzug-fuer-damen-langaermlig-surfen-schwimmen-tauchen-unterwasser-segeltuch"},"modified":"2023-04-08T23:15:14","modified_gmt":"2023-04-08T23:15:14","slug":"pawhits-neoprenanzug-fuer-damen-langaermlig-surfen-schwimmen-tauchen-unterwasser-segeltuch","status":"publish","type":"product","link":"https:\/\/wellenreiten-surfen.de\/?product=pawhits-neoprenanzug-fuer-damen-langaermlig-surfen-schwimmen-tauchen-unterwasser-segeltuch","title":{"rendered":"PAWHITS 3mm Neoprenanzug Damen Full Wetsuit Damen f\u00fcr Tauchen Schnorcheln Surfen und alle Wassersportarten"},"content":{"rendered":"<div id='gallery-1' class='gallery galleryid-14294 gallery-columns-3 gallery-size-thumbnail'><figure class='gallery-item'>\n\t\t\t<div class='gallery-icon landscape'>\n\t\t\t\t<a href='https:\/\/wellenreiten-surfen.de\/?attachment_id=14295'><img width=\"150\" height=\"150\" src=\"https:\/\/images-na.ssl-images-amazon.com\/images\/I\/417FXFazvCL._SS150_.jpg\" class=\"attachment-thumbnail size-thumbnail\" alt=\"\" decoding=\"async\" loading=\"lazy\" srcset=\"https:\/\/images-na.ssl-images-amazon.com\/images\/I\/417FXFazvCL._SS150_.jpg 150w, https:\/\/images-na.ssl-images-amazon.com\/images\/I\/417FXFazvCL._SS300_.jpg 300w, https:\/\/images-na.ssl-images-amazon.com\/images\/I\/417FXFazvCL._SS768_.jpg 768w, https:\/\/images-na.ssl-images-amazon.com\/images\/I\/417FXFazvCL._SS1024_.jpg 1024w, https:\/\/images-na.ssl-images-amazon.com\/images\/I\/417FXFazvCL._SS1536_.jpg 1536w, https:\/\/images-na.ssl-images-amazon.com\/images\/I\/417FXFazvCL._SS2048_.jpg 2048w, https:\/\/images-na.ssl-images-amazon.com\/images\/I\/417FXFazvCL._SS80_.jpg 80w, https:\/\/images-na.ssl-images-amazon.com\/images\/I\/417FXFazvCL._SS200_.jpg 200w, https:\/\/images-na.ssl-images-amazon.com\/images\/I\/417FXFazvCL.jpg 500w, https:\/\/images-na.ssl-images-amazon.com\/images\/I\/417FXFazvCL._SS450_.jpg 450w, https:\/\/images-na.ssl-images-amazon.com\/images\/I\/417FXFazvCL._SS1400_.jpg 1400w, https:\/\/images-na.ssl-images-amazon.com\/images\/I\/417FXFazvCL._SS180_.jpg 180w, https:\/\/images-na.ssl-images-amazon.com\/images\/I\/417FXFazvCL._SS600_.jpg 600w, https:\/\/images-na.ssl-images-amazon.com\/images\/I\/417FXFazvCL._SS100_.jpg 100w\" sizes=\"(max-width: 150px) 100vw, 150px\" \/><\/a>\n\t\t\t<\/div><\/figure><figure class='gallery-item'>\n\t\t\t<div class='gallery-icon landscape'>\n\t\t\t\t<a href='https:\/\/wellenreiten-surfen.de\/?attachment_id=14296'><img width=\"150\" height=\"150\" src=\"https:\/\/images-na.ssl-images-amazon.com\/images\/I\/419FgZiFQ6L._SS150_.jpg\" class=\"attachment-thumbnail size-thumbnail\" alt=\"\" decoding=\"async\" loading=\"lazy\" srcset=\"https:\/\/images-na.ssl-images-amazon.com\/images\/I\/419FgZiFQ6L._SS150_.jpg 150w, https:\/\/images-na.ssl-images-amazon.com\/images\/I\/419FgZiFQ6L._SS300_.jpg 300w, https:\/\/images-na.ssl-images-amazon.com\/images\/I\/419FgZiFQ6L._SS768_.jpg 768w, https:\/\/images-na.ssl-images-amazon.com\/images\/I\/419FgZiFQ6L._SS1024_.jpg 1024w, https:\/\/images-na.ssl-images-amazon.com\/images\/I\/419FgZiFQ6L._SS1536_.jpg 1536w, https:\/\/images-na.ssl-images-amazon.com\/images\/I\/419FgZiFQ6L._SS2048_.jpg 2048w, https:\/\/images-na.ssl-images-amazon.com\/images\/I\/419FgZiFQ6L._SS80_.jpg 80w, https:\/\/images-na.ssl-images-amazon.com\/images\/I\/419FgZiFQ6L._SS200_.jpg 200w, https:\/\/images-na.ssl-images-amazon.com\/images\/I\/419FgZiFQ6L.jpg 500w, https:\/\/images-na.ssl-images-amazon.com\/images\/I\/419FgZiFQ6L._SS450_.jpg 450w, https:\/\/images-na.ssl-images-amazon.com\/images\/I\/419FgZiFQ6L._SS1400_.jpg 1400w, https:\/\/images-na.ssl-images-amazon.com\/images\/I\/419FgZiFQ6L._SS180_.jpg 180w, https:\/\/images-na.ssl-images-amazon.com\/images\/I\/419FgZiFQ6L._SS600_.jpg 600w, https:\/\/images-na.ssl-images-amazon.com\/images\/I\/419FgZiFQ6L._SS100_.jpg 100w\" sizes=\"(max-width: 150px) 100vw, 150px\" \/><\/a>\n\t\t\t<\/div><\/figure><figure class='gallery-item'>\n\t\t\t<div class='gallery-icon landscape'>\n\t\t\t\t<a href='https:\/\/wellenreiten-surfen.de\/?attachment_id=14297'><img width=\"150\" height=\"150\" src=\"https:\/\/images-na.ssl-images-amazon.com\/images\/I\/41KyHvUM3vL._SS150_.jpg\" class=\"attachment-thumbnail size-thumbnail\" alt=\"\" decoding=\"async\" loading=\"lazy\" srcset=\"https:\/\/images-na.ssl-images-amazon.com\/images\/I\/41KyHvUM3vL._SS150_.jpg 150w, https:\/\/images-na.ssl-images-amazon.com\/images\/I\/41KyHvUM3vL._SS300_.jpg 300w, https:\/\/images-na.ssl-images-amazon.com\/images\/I\/41KyHvUM3vL._SS768_.jpg 768w, https:\/\/images-na.ssl-images-amazon.com\/images\/I\/41KyHvUM3vL._SS1024_.jpg 1024w, https:\/\/images-na.ssl-images-amazon.com\/images\/I\/41KyHvUM3vL._SS1536_.jpg 1536w, https:\/\/images-na.ssl-images-amazon.com\/images\/I\/41KyHvUM3vL._SS2048_.jpg 2048w, https:\/\/images-na.ssl-images-amazon.com\/images\/I\/41KyHvUM3vL._SS80_.jpg 80w, https:\/\/images-na.ssl-images-amazon.com\/images\/I\/41KyHvUM3vL._SS200_.jpg 200w, https:\/\/images-na.ssl-images-amazon.com\/images\/I\/41KyHvUM3vL.jpg 500w, https:\/\/images-na.ssl-images-amazon.com\/images\/I\/41KyHvUM3vL._SS450_.jpg 450w, https:\/\/images-na.ssl-images-amazon.com\/images\/I\/41KyHvUM3vL._SS1400_.jpg 1400w, https:\/\/images-na.ssl-images-amazon.com\/images\/I\/41KyHvUM3vL._SS180_.jpg 180w, https:\/\/images-na.ssl-images-amazon.com\/images\/I\/41KyHvUM3vL._SS600_.jpg 600w, https:\/\/images-na.ssl-images-amazon.com\/images\/I\/41KyHvUM3vL._SS100_.jpg 100w\" sizes=\"(max-width: 150px) 100vw, 150px\" \/><\/a>\n\t\t\t<\/div><\/figure>\n\t\t<\/div>\n<br \/>\n<!-- show up to 2 reviews by default --> <\/p>\n<p>Nicht in der Waschmaschine waschen. <br \/>Handw\u00e4sche in kaltem Wasser, im Schatten trocknen anstelle direkter Sonneneinstrahlung, um Form und Elastizit\u00e4t zu erhalten. Sie k\u00f6nnen feststellen, dass unsere Produkte beim \u00d6ffnen des Pakets einen Gummigeruch haben, aufgrund der Materialeigenschaften des Neoprens, der Produktionsverfahren und des elastischen zweiseitigen Stoffes. Unsere Produkte haben Knicke aufgrund der Materialmerkmale von Neopren und der Anforderung nach Verpackung und Transport. Sie werden nach dem ersten Gebrauch oder Waschmittel sp\u00fcrbar wieder verschieben oder vergr\u00f6\u00dfern, und das ist kein Qualit\u00e4tsproblem. <br \/>Die Anz\u00fcge sind nicht wasserdicht; die W\u00e4rmed\u00e4mmung ist die Hauptfunktion zum Schutz des Tr\u00e4gers vor \u00dcberbelichtung durch kaltes Wasser und schnellen Verlust der K\u00f6rpertemperatur bei Wassersport. Dar\u00fcber hinaus kann ein Tauchanzug das Risiko von Schnitt- und Kratzern unter Wasser und auch Quallenstichen verringern. <\/p>\n<p>Zus\u00e4tzliche Eigenschaften: <br \/>Die Referenzdaten k\u00f6nnen Ihnen dabei helfen, die am besten geeignete Gr\u00f6\u00dfe nach Ihren eigenen Bedingungen zu w\u00e4hlen. <br \/>Die Bedeutung der Abk\u00fcrzung: B- Brustumfang (cm), R-Queen (cm), H-H\u00fcfte (cm), T-Taille (cm), P-Gewicht (kg). <br \/>S\u201474-79\/62-67\/85-90\/157-163\/47-55. <br \/>M\u201478-83\/66-71\/89-94\/163-168\/50-58. <br \/>L\u00e4nge der \u00c4rmel: cm \/ L\u00e4nge der Beine: cm \/ Ausschnitt: S: 48 \/ 65 \/ 32 <br \/>M: 50\/67\/34. <\/p>\n<p>Hauptmerkmale: <br \/>Hochwertiges und leichtes Verbundmaterial aus SCR Neopren und importiertem Nylon. <br \/>Material des Stoffs: Taiwan Thermal Flex <br \/>Farbe der Neoprenanz\u00fcge: Schwarz und Blau. <br \/>Gewicht der Kombination Damen: S-756 g, M-796 g. <br \/>Ma\u00dfe der Verpackung: 47 x 39 x 8 cm. <\/p>\n<p>90 % 3mm SCR Neopren + 10 % importiertes, \u00f6kologisches und hochelastisches Nylon mit langer Lebensdauer; hervorragende W\u00e4rmed\u00e4mmleistung auch bei 70 \u2013 77\u2109.<br \/>\nDie Flatlock-N\u00e4hte sind bequem genug, um den ganzen Tag getragen zu werden. Das Neopren in der Farbe schwarz mit der N\u00e4hte, elegant und sch\u00f6n, vereinfachtes Design speziell f\u00fcr Frauen macht Ihre Figur schlank.<br \/>\nLangarm<br \/>\nVerschluss: Rei\u00dfverschluss<br \/>\nFeuchte Umgebung<br \/>\nVerschluss: Rei\u00dfverschluss. Der hintere Rei\u00dfverschluss aus schwerem Metall mit einer extra langen Leine, leicht anzubringen und zu entfernen. Ein weiteres Teil aus Neopren hinter dem Verschluss, kann Wasserauslaufen reduzieren. Die vollst\u00e4ndige Abdeckung des einzigartigen Dreiecks am hinteren Kragen mit speziellem Klettverschluss, der das Gewebe nicht festsetzt, l\u00e4sst sich leicht einstellen und weniger Wasser auslaufen.<br \/>\nDie Kniesch\u00fctzer bieten zus\u00e4tzlichen Schutz. Speziell f\u00fcr Tauchen, Schnorcheln, Surfen, und andere Wassersportarten oder Outdoor-Aktivit\u00e4ten.<br \/>\nUm Ihre volle Zufriedenheit zu gew\u00e4hrleisten, bieten wir Ihnen 30 Tage Geld-zur\u00fcck-Garantie an. Z\u00f6gern Sie nicht, uns zu kontaktieren, wenn Sie keine Frage haben und wir finden die richtige L\u00f6sung f\u00fcr Sie.<br \/>\n<div class=\"main-cross-sell\" data-asin=\"B07FDLMNGJ\">\n\n\t<div class=\"WooZone-cross-sell-loader\">\n\t\t<div>\n\t\t\t<div id=\"floatingBarsG\">\n\t\t\t\t<div class=\"blockG\" id=\"rotateG_01\"><\/div>\n\t\t\t\t<div class=\"blockG\" id=\"rotateG_02\"><\/div>\n\t\t\t\t<div class=\"blockG\" id=\"rotateG_03\"><\/div>\n\t\t\t\t<div class=\"blockG\" id=\"rotateG_04\"><\/div>\n\t\t\t\t<div class=\"blockG\" id=\"rotateG_05\"><\/div>\n\t\t\t\t<div class=\"blockG\" id=\"rotateG_06\"><\/div>\n\t\t\t\t<div class=\"blockG\" id=\"rotateG_07\"><\/div>\n\t\t\t\t<div class=\"blockG\" id=\"rotateG_08\"><\/div>\n\t\t\t<\/div>\n\t\t\t<div class=\"WooZone-cross-sell-loader-text\"><\/div>\n\t\t<\/div>\n\t<\/div>\n\n\t\t\n<\/div>\n<div style=\"clear:both;\"><\/div>\n","protected":false},"excerpt":{"rendered":"<p>90 % 3mm SCR Neopren + 10 % importiertes, \u00f6kologisches und hochelastisches Nylon mit langer Lebensdauer; hervorragende W\u00e4rmed\u00e4mmleistung auch bei 70 \u2013 77\u2109.<br \/>\nDie Flatlock-N\u00e4hte sind bequem genug, um den ganzen Tag getragen zu werden. Das Neopren in der Farbe schwarz mit der N\u00e4hte, elegant und sch\u00f6n, vereinfachtes Design speziell f\u00fcr Frauen macht Ihre Figur schlank.<br \/>\nLangarm<\/p>\n","protected":false},"featured_media":14295,"comment_status":"open","ping_status":"closed","template":"","meta":[],"product_cat":[51],"product_tag":[],"_links":{"self":[{"href":"https:\/\/wellenreiten-surfen.de\/index.php?rest_route=\/wp\/v2\/product\/14294"}],"collection":[{"href":"https:\/\/wellenreiten-surfen.de\/index.php?rest_route=\/wp\/v2\/product"}],"about":[{"href":"https:\/\/wellenreiten-surfen.de\/index.php?rest_route=\/wp\/v2\/types\/product"}],"replies":[{"embeddable":true,"href":"https:\/\/wellenreiten-surfen.de\/index.php?rest_route=%2Fwp%2Fv2%2Fcomments&post=14294"}],"wp:featuredmedia":[{"embeddable":true,"href":"https:\/\/wellenreiten-surfen.de\/index.php?rest_route=\/wp\/v2\/media\/14295"}],"wp:attachment":[{"href":"https:\/\/wellenreiten-surfen.de\/index.php?rest_route=%2Fwp%2Fv2%2Fmedia&parent=14294"}],"wp:term":[{"taxonomy":"product_cat","embeddable":true,"href":"https:\/\/wellenreiten-surfen.de\/index.php?rest_route=%2Fwp%2Fv2%2Fproduct_cat&post=14294"},{"taxonomy":"product_tag","embeddable":true,"href":"https:\/\/wellenreiten-surfen.de\/index.php?rest_route=%2Fwp%2Fv2%2Fproduct_tag&post=14294"}],"curies":[{"name":"wp","href":"https:\/\/api.w.org\/{rel}","templated":true}]}}