{"id":14438,"date":"2021-04-29T11:59:39","date_gmt":"2021-04-29T11:59:39","guid":{"rendered":"https:\/\/wellenreiten-surfen.de\/?product=pi-pe-kinder-neoprenanzug-kids-full-l-s"},"modified":"2023-04-09T23:33:13","modified_gmt":"2023-04-09T23:33:13","slug":"pi-pe-kinder-neoprenanzug-kids-full-l-s","status":"publish","type":"product","link":"https:\/\/wellenreiten-surfen.de\/?product=pi-pe-kinder-neoprenanzug-kids-full-l-s","title":{"rendered":"PI-PE Kinder Kids Toddler Neoprenanzug Pure 2mm, Schwimmanzug, Tauchanzug, Nassanzug, Fullsuit, Langarm, Full"},"content":{"rendered":"<div id='gallery-1' class='gallery galleryid-14438 gallery-columns-3 gallery-size-thumbnail'><figure class='gallery-item'>\n\t\t\t<div class='gallery-icon landscape'>\n\t\t\t\t<a href='https:\/\/wellenreiten-surfen.de\/?attachment_id=14439'><img width=\"150\" height=\"150\" src=\"https:\/\/images-na.ssl-images-amazon.com\/images\/I\/31GokPw8nhL._SS150_.jpg\" class=\"attachment-thumbnail size-thumbnail\" alt=\"\" decoding=\"async\" loading=\"lazy\" srcset=\"https:\/\/images-na.ssl-images-amazon.com\/images\/I\/31GokPw8nhL._SS150_.jpg 150w, https:\/\/images-na.ssl-images-amazon.com\/images\/I\/31GokPw8nhL._SS300_.jpg 300w, https:\/\/images-na.ssl-images-amazon.com\/images\/I\/31GokPw8nhL._SS768_.jpg 768w, https:\/\/images-na.ssl-images-amazon.com\/images\/I\/31GokPw8nhL._SS1024_.jpg 1024w, https:\/\/images-na.ssl-images-amazon.com\/images\/I\/31GokPw8nhL._SS1536_.jpg 1536w, https:\/\/images-na.ssl-images-amazon.com\/images\/I\/31GokPw8nhL._SS2048_.jpg 2048w, https:\/\/images-na.ssl-images-amazon.com\/images\/I\/31GokPw8nhL._SS80_.jpg 80w, https:\/\/images-na.ssl-images-amazon.com\/images\/I\/31GokPw8nhL._SS200_.jpg 200w, https:\/\/images-na.ssl-images-amazon.com\/images\/I\/31GokPw8nhL.jpg 500w, https:\/\/images-na.ssl-images-amazon.com\/images\/I\/31GokPw8nhL._SS450_.jpg 450w, https:\/\/images-na.ssl-images-amazon.com\/images\/I\/31GokPw8nhL._SS1400_.jpg 1400w, https:\/\/images-na.ssl-images-amazon.com\/images\/I\/31GokPw8nhL._SS180_.jpg 180w, https:\/\/images-na.ssl-images-amazon.com\/images\/I\/31GokPw8nhL._SS600_.jpg 600w, https:\/\/images-na.ssl-images-amazon.com\/images\/I\/31GokPw8nhL._SS100_.jpg 100w\" sizes=\"(max-width: 150px) 100vw, 150px\" \/><\/a>\n\t\t\t<\/div><\/figure><figure class='gallery-item'>\n\t\t\t<div class='gallery-icon landscape'>\n\t\t\t\t<a href='https:\/\/wellenreiten-surfen.de\/?attachment_id=14440'><img width=\"150\" height=\"150\" src=\"https:\/\/images-na.ssl-images-amazon.com\/images\/I\/318lk2WH%2BXL._SS150_.jpg\" class=\"attachment-thumbnail size-thumbnail\" alt=\"\" decoding=\"async\" loading=\"lazy\" srcset=\"https:\/\/images-na.ssl-images-amazon.com\/images\/I\/318lk2WH%2BXL._SS150_.jpg 150w, https:\/\/images-na.ssl-images-amazon.com\/images\/I\/318lk2WH%2BXL._SS300_.jpg 300w, https:\/\/images-na.ssl-images-amazon.com\/images\/I\/318lk2WH%2BXL._SS768_.jpg 768w, https:\/\/images-na.ssl-images-amazon.com\/images\/I\/318lk2WH%2BXL._SS1024_.jpg 1024w, https:\/\/images-na.ssl-images-amazon.com\/images\/I\/318lk2WH%2BXL._SS1536_.jpg 1536w, https:\/\/images-na.ssl-images-amazon.com\/images\/I\/318lk2WH%2BXL._SS2048_.jpg 2048w, https:\/\/images-na.ssl-images-amazon.com\/images\/I\/318lk2WH%2BXL._SS80_.jpg 80w, https:\/\/images-na.ssl-images-amazon.com\/images\/I\/318lk2WH%2BXL._SS200_.jpg 200w, https:\/\/images-na.ssl-images-amazon.com\/images\/I\/318lk2WH%2BXL.jpg 500w, https:\/\/images-na.ssl-images-amazon.com\/images\/I\/318lk2WH%2BXL._SS450_.jpg 450w, https:\/\/images-na.ssl-images-amazon.com\/images\/I\/318lk2WH%2BXL._SS1400_.jpg 1400w, https:\/\/images-na.ssl-images-amazon.com\/images\/I\/318lk2WH%2BXL._SS180_.jpg 180w, https:\/\/images-na.ssl-images-amazon.com\/images\/I\/318lk2WH%2BXL._SS600_.jpg 600w, https:\/\/images-na.ssl-images-amazon.com\/images\/I\/318lk2WH%2BXL._SS100_.jpg 100w\" sizes=\"(max-width: 150px) 100vw, 150px\" \/><\/a>\n\t\t\t<\/div><\/figure><figure class='gallery-item'>\n\t\t\t<div class='gallery-icon landscape'>\n\t\t\t\t<a href='https:\/\/wellenreiten-surfen.de\/?attachment_id=14441'><img width=\"150\" height=\"150\" src=\"https:\/\/images-na.ssl-images-amazon.com\/images\/I\/31Wtga6Jo8L._SS150_.jpg\" class=\"attachment-thumbnail size-thumbnail\" alt=\"\" decoding=\"async\" loading=\"lazy\" srcset=\"https:\/\/images-na.ssl-images-amazon.com\/images\/I\/31Wtga6Jo8L._SS150_.jpg 150w, https:\/\/images-na.ssl-images-amazon.com\/images\/I\/31Wtga6Jo8L._SS300_.jpg 300w, https:\/\/images-na.ssl-images-amazon.com\/images\/I\/31Wtga6Jo8L._SS768_.jpg 768w, https:\/\/images-na.ssl-images-amazon.com\/images\/I\/31Wtga6Jo8L._SS1024_.jpg 1024w, https:\/\/images-na.ssl-images-amazon.com\/images\/I\/31Wtga6Jo8L._SS1536_.jpg 1536w, https:\/\/images-na.ssl-images-amazon.com\/images\/I\/31Wtga6Jo8L._SS2048_.jpg 2048w, https:\/\/images-na.ssl-images-amazon.com\/images\/I\/31Wtga6Jo8L._SS80_.jpg 80w, https:\/\/images-na.ssl-images-amazon.com\/images\/I\/31Wtga6Jo8L._SS200_.jpg 200w, https:\/\/images-na.ssl-images-amazon.com\/images\/I\/31Wtga6Jo8L.jpg 500w, https:\/\/images-na.ssl-images-amazon.com\/images\/I\/31Wtga6Jo8L._SS450_.jpg 450w, https:\/\/images-na.ssl-images-amazon.com\/images\/I\/31Wtga6Jo8L._SS1400_.jpg 1400w, https:\/\/images-na.ssl-images-amazon.com\/images\/I\/31Wtga6Jo8L._SS180_.jpg 180w, https:\/\/images-na.ssl-images-amazon.com\/images\/I\/31Wtga6Jo8L._SS600_.jpg 600w, https:\/\/images-na.ssl-images-amazon.com\/images\/I\/31Wtga6Jo8L._SS100_.jpg 100w\" sizes=\"(max-width: 150px) 100vw, 150px\" \/><\/a>\n\t\t\t<\/div><\/figure>\n\t\t<\/div>\n<br \/>\n<!-- show up to 2 reviews by default --> <\/p>\n<p>Der Neoprenanzug f\u00fcr die Kleinen. Der Kinderneoprenanzug sorgt f\u00fcr angenehme W\u00e4rme im Wasser. Flach gearbeitete N\u00e4hte sorgen daf\u00fcr, dass keine Druckstellen am K\u00f6rper auftreten. Schnell trocknendes Material rundet das Gesamtbild ab. <\/p>\n<p>Material: 80% Neorpren, 20% Nylon,<br \/>\n2mm Neoprendicke<br \/>\nschnell trocknend,<br \/>\nflach gearbeitet N\u00e4hte<br \/>\nPI-PE Print am linken Kragen, Oberschenkel sowie R\u00fcckseite<br \/>\n<div class=\"main-cross-sell\" data-asin=\"B06XTSNMNW\">\n\n\t<div class=\"WooZone-cross-sell-loader\">\n\t\t<div>\n\t\t\t<div id=\"floatingBarsG\">\n\t\t\t\t<div class=\"blockG\" id=\"rotateG_01\"><\/div>\n\t\t\t\t<div class=\"blockG\" id=\"rotateG_02\"><\/div>\n\t\t\t\t<div class=\"blockG\" id=\"rotateG_03\"><\/div>\n\t\t\t\t<div class=\"blockG\" id=\"rotateG_04\"><\/div>\n\t\t\t\t<div class=\"blockG\" id=\"rotateG_05\"><\/div>\n\t\t\t\t<div class=\"blockG\" id=\"rotateG_06\"><\/div>\n\t\t\t\t<div class=\"blockG\" id=\"rotateG_07\"><\/div>\n\t\t\t\t<div class=\"blockG\" id=\"rotateG_08\"><\/div>\n\t\t\t<\/div>\n\t\t\t<div class=\"WooZone-cross-sell-loader-text\"><\/div>\n\t\t<\/div>\n\t<\/div>\n\n\t\t\n<\/div>\n<div style=\"clear:both;\"><\/div>\n","protected":false},"excerpt":{"rendered":"<p>Material: 80% Neorpren, 20% Nylon,<br \/>\n2mm Neoprendicke<br \/>\nschnell trocknend,<\/p>\n","protected":false},"featured_media":14439,"comment_status":"open","ping_status":"closed","template":"","meta":[],"product_cat":[51],"product_tag":[],"_links":{"self":[{"href":"https:\/\/wellenreiten-surfen.de\/index.php?rest_route=\/wp\/v2\/product\/14438"}],"collection":[{"href":"https:\/\/wellenreiten-surfen.de\/index.php?rest_route=\/wp\/v2\/product"}],"about":[{"href":"https:\/\/wellenreiten-surfen.de\/index.php?rest_route=\/wp\/v2\/types\/product"}],"replies":[{"embeddable":true,"href":"https:\/\/wellenreiten-surfen.de\/index.php?rest_route=%2Fwp%2Fv2%2Fcomments&post=14438"}],"wp:featuredmedia":[{"embeddable":true,"href":"https:\/\/wellenreiten-surfen.de\/index.php?rest_route=\/wp\/v2\/media\/14439"}],"wp:attachment":[{"href":"https:\/\/wellenreiten-surfen.de\/index.php?rest_route=%2Fwp%2Fv2%2Fmedia&parent=14438"}],"wp:term":[{"taxonomy":"product_cat","embeddable":true,"href":"https:\/\/wellenreiten-surfen.de\/index.php?rest_route=%2Fwp%2Fv2%2Fproduct_cat&post=14438"},{"taxonomy":"product_tag","embeddable":true,"href":"https:\/\/wellenreiten-surfen.de\/index.php?rest_route=%2Fwp%2Fv2%2Fproduct_tag&post=14438"}],"curies":[{"name":"wp","href":"https:\/\/api.w.org\/{rel}","templated":true}]}}