{"id":14932,"date":"2021-04-30T03:33:36","date_gmt":"2021-04-30T03:33:36","guid":{"rendered":"https:\/\/wellenreiten-surfen.de\/?product=light-minilog-bown-white-grey-epoxy-usfuture-surfboard"},"modified":"2023-04-10T23:28:22","modified_gmt":"2023-04-10T23:28:22","slug":"light-minilog-bown-white-grey-epoxy-usfuture-surfboard","status":"publish","type":"product","link":"https:\/\/wellenreiten-surfen.de\/?product=light-minilog-bown-white-grey-epoxy-usfuture-surfboard","title":{"rendered":"Light Board Corp Minilog Bown Epoxy-US+Future Surfboard, Brown\/White\/Grey, 6&#8217;4&#8243;"},"content":{"rendered":"<div id='gallery-1' class='gallery galleryid-14932 gallery-columns-3 gallery-size-thumbnail'><figure class='gallery-item'>\n\t\t\t<div class='gallery-icon landscape'>\n\t\t\t\t<a href='https:\/\/wellenreiten-surfen.de\/?attachment_id=14933'><img width=\"150\" height=\"150\" src=\"https:\/\/images-na.ssl-images-amazon.com\/images\/I\/41QEDllGTEL._SS150_.jpg\" class=\"attachment-thumbnail size-thumbnail\" alt=\"\" decoding=\"async\" loading=\"lazy\" srcset=\"https:\/\/images-na.ssl-images-amazon.com\/images\/I\/41QEDllGTEL._SS150_.jpg 150w, https:\/\/images-na.ssl-images-amazon.com\/images\/I\/41QEDllGTEL._SS300_.jpg 300w, https:\/\/images-na.ssl-images-amazon.com\/images\/I\/41QEDllGTEL._SS768_.jpg 768w, https:\/\/images-na.ssl-images-amazon.com\/images\/I\/41QEDllGTEL._SS1024_.jpg 1024w, https:\/\/images-na.ssl-images-amazon.com\/images\/I\/41QEDllGTEL._SS1536_.jpg 1536w, https:\/\/images-na.ssl-images-amazon.com\/images\/I\/41QEDllGTEL._SS2048_.jpg 2048w, https:\/\/images-na.ssl-images-amazon.com\/images\/I\/41QEDllGTEL._SS80_.jpg 80w, https:\/\/images-na.ssl-images-amazon.com\/images\/I\/41QEDllGTEL._SS200_.jpg 200w, https:\/\/images-na.ssl-images-amazon.com\/images\/I\/41QEDllGTEL.jpg 500w, https:\/\/images-na.ssl-images-amazon.com\/images\/I\/41QEDllGTEL._SS450_.jpg 450w, https:\/\/images-na.ssl-images-amazon.com\/images\/I\/41QEDllGTEL._SS1400_.jpg 1400w, https:\/\/images-na.ssl-images-amazon.com\/images\/I\/41QEDllGTEL._SS180_.jpg 180w, https:\/\/images-na.ssl-images-amazon.com\/images\/I\/41QEDllGTEL._SS600_.jpg 600w, https:\/\/images-na.ssl-images-amazon.com\/images\/I\/41QEDllGTEL._SS100_.jpg 100w\" sizes=\"(max-width: 150px) 100vw, 150px\" \/><\/a>\n\t\t\t<\/div><\/figure><figure class='gallery-item'>\n\t\t\t<div class='gallery-icon landscape'>\n\t\t\t\t<a href='https:\/\/wellenreiten-surfen.de\/?attachment_id=14934'><img width=\"150\" height=\"150\" src=\"https:\/\/images-na.ssl-images-amazon.com\/images\/I\/21e6Z%2BoAV7L._SS150_.jpg\" class=\"attachment-thumbnail size-thumbnail\" alt=\"\" decoding=\"async\" loading=\"lazy\" srcset=\"https:\/\/images-na.ssl-images-amazon.com\/images\/I\/21e6Z%2BoAV7L._SS150_.jpg 150w, https:\/\/images-na.ssl-images-amazon.com\/images\/I\/21e6Z%2BoAV7L._SS300_.jpg 300w, https:\/\/images-na.ssl-images-amazon.com\/images\/I\/21e6Z%2BoAV7L._SS768_.jpg 768w, https:\/\/images-na.ssl-images-amazon.com\/images\/I\/21e6Z%2BoAV7L._SS1024_.jpg 1024w, https:\/\/images-na.ssl-images-amazon.com\/images\/I\/21e6Z%2BoAV7L._SS1536_.jpg 1536w, https:\/\/images-na.ssl-images-amazon.com\/images\/I\/21e6Z%2BoAV7L._SS2048_.jpg 2048w, https:\/\/images-na.ssl-images-amazon.com\/images\/I\/21e6Z%2BoAV7L._SS80_.jpg 80w, https:\/\/images-na.ssl-images-amazon.com\/images\/I\/21e6Z%2BoAV7L._SS200_.jpg 200w, https:\/\/images-na.ssl-images-amazon.com\/images\/I\/21e6Z%2BoAV7L.jpg 500w, https:\/\/images-na.ssl-images-amazon.com\/images\/I\/21e6Z%2BoAV7L._SS450_.jpg 450w, https:\/\/images-na.ssl-images-amazon.com\/images\/I\/21e6Z%2BoAV7L._SS1400_.jpg 1400w, https:\/\/images-na.ssl-images-amazon.com\/images\/I\/21e6Z%2BoAV7L._SS180_.jpg 180w, https:\/\/images-na.ssl-images-amazon.com\/images\/I\/21e6Z%2BoAV7L._SS600_.jpg 600w, https:\/\/images-na.ssl-images-amazon.com\/images\/I\/21e6Z%2BoAV7L._SS100_.jpg 100w\" sizes=\"(max-width: 150px) 100vw, 150px\" \/><\/a>\n\t\t\t<\/div><\/figure><figure class='gallery-item'>\n\t\t\t<div class='gallery-icon landscape'>\n\t\t\t\t<a href='https:\/\/wellenreiten-surfen.de\/?attachment_id=14935'><img width=\"150\" height=\"150\" src=\"https:\/\/images-na.ssl-images-amazon.com\/images\/I\/31Ao3SKStpL._SS150_.jpg\" class=\"attachment-thumbnail size-thumbnail\" alt=\"\" decoding=\"async\" loading=\"lazy\" srcset=\"https:\/\/images-na.ssl-images-amazon.com\/images\/I\/31Ao3SKStpL._SS150_.jpg 150w, https:\/\/images-na.ssl-images-amazon.com\/images\/I\/31Ao3SKStpL._SS300_.jpg 300w, https:\/\/images-na.ssl-images-amazon.com\/images\/I\/31Ao3SKStpL._SS768_.jpg 768w, https:\/\/images-na.ssl-images-amazon.com\/images\/I\/31Ao3SKStpL._SS1024_.jpg 1024w, https:\/\/images-na.ssl-images-amazon.com\/images\/I\/31Ao3SKStpL._SS1536_.jpg 1536w, https:\/\/images-na.ssl-images-amazon.com\/images\/I\/31Ao3SKStpL._SS2048_.jpg 2048w, https:\/\/images-na.ssl-images-amazon.com\/images\/I\/31Ao3SKStpL._SS80_.jpg 80w, https:\/\/images-na.ssl-images-amazon.com\/images\/I\/31Ao3SKStpL._SS200_.jpg 200w, https:\/\/images-na.ssl-images-amazon.com\/images\/I\/31Ao3SKStpL.jpg 500w, https:\/\/images-na.ssl-images-amazon.com\/images\/I\/31Ao3SKStpL._SS450_.jpg 450w, https:\/\/images-na.ssl-images-amazon.com\/images\/I\/31Ao3SKStpL._SS1400_.jpg 1400w, https:\/\/images-na.ssl-images-amazon.com\/images\/I\/31Ao3SKStpL._SS180_.jpg 180w, https:\/\/images-na.ssl-images-amazon.com\/images\/I\/31Ao3SKStpL._SS600_.jpg 600w, https:\/\/images-na.ssl-images-amazon.com\/images\/I\/31Ao3SKStpL._SS100_.jpg 100w\" sizes=\"(max-width: 150px) 100vw, 150px\" \/><\/a>\n\t\t\t<\/div><\/figure>\n\t\t<\/div>\n<br \/>\n<!-- show up to 2 reviews by default --> <\/p>\n<p>The Minilog &#8211; Brown White GreyDas MINILOG von Lightboardcorp. ist eines der beliebtesten Allroundshapes. Mit einem feinen Pintail, kannst du das Board sch\u00f6n turnen egal auf welcher Welle. Mit dem Minilog ist es leicht jegliche Art von Wellen an zu paddeln. Mit dem single concave to double concave to vee im Unterschiff ist es ideal f\u00fcr Anf\u00e4nger und Intermediates, mit dem Minilog kannst du spielerisch deine Surfskills erweitern. Es ist eine Alternative zu klassischen Funshapes und Longboards. Das MINILOG ist ein gro\u00dfer Allrounder und in der Lage, sogar kleine Tubes zu surfen. Erfahrene Surfer werden mit diesem Board super viel Spa\u00df auch auf kleinen Wellen haben. Anf\u00e4nger und Intermediates werden es lieben, denn nie war es so einfach Wellen zubekommen und diese mit Leichtigkeit zu surfen.Die SALTWATER NOMAD EPS EPOXY HOLZ VENEER TECHNOLOGY verf\u00fcgt \u00fcber einen geschlossenen Zellschaum, einen klassischen Mittelstringer, Glasfaser und einer Schicht aus HOLZ VENEER zwischen den oberen Schichten im Stehbereich und ist die \u00f6kologischste und freundlichste Konstruktion, die wir anbieten k\u00f6nnen. <\/p>\n<p>K\u00d6NNENSTUFBeginners &#8211; Intermidates 1-6 WELLENH\u00d6HE0, 3 m &#8211; 1, 6 m<br \/>\nKonstruktion EPS Foam, Epoxy, Single to Double Concave, Matt Finish, fins included x3 &#8211; Future 2 Finbox Single Fin 1<br \/>\nDimensionen6&#8217;0&#8243;x 21&#8243;x 2.75&#8243; 38, 8L6&#8217;4&#8243;x 21.5&#8243;x 2.75&#8243; 42, 8L6&#8217;8&#8243;x 21.75&#8243;x 2.75&#8243; 47, 3L7&#8217;0&#8243; x 22&#8243; x 3&#8243; 54, 2L7&#8217;4&#8243;x 22.25&#8243; x 3.125&#8243; 60, 2L<br \/>\n<div class=\"main-cross-sell\" data-asin=\"B074RVDM62\">\n\n\t<div class=\"WooZone-cross-sell-loader\">\n\t\t<div>\n\t\t\t<div id=\"floatingBarsG\">\n\t\t\t\t<div class=\"blockG\" id=\"rotateG_01\"><\/div>\n\t\t\t\t<div class=\"blockG\" id=\"rotateG_02\"><\/div>\n\t\t\t\t<div class=\"blockG\" id=\"rotateG_03\"><\/div>\n\t\t\t\t<div class=\"blockG\" id=\"rotateG_04\"><\/div>\n\t\t\t\t<div class=\"blockG\" id=\"rotateG_05\"><\/div>\n\t\t\t\t<div class=\"blockG\" id=\"rotateG_06\"><\/div>\n\t\t\t\t<div class=\"blockG\" id=\"rotateG_07\"><\/div>\n\t\t\t\t<div class=\"blockG\" id=\"rotateG_08\"><\/div>\n\t\t\t<\/div>\n\t\t\t<div class=\"WooZone-cross-sell-loader-text\"><\/div>\n\t\t<\/div>\n\t<\/div>\n\n\t\t\n<\/div>\n<div style=\"clear:both;\"><\/div>\n","protected":false},"excerpt":{"rendered":"<p>K\u00d6NNENSTUFBeginners &#8211; Intermidates 1-6 WELLENH\u00d6HE0, 3 m &#8211; 1, 6 m<br \/>\nKonstruktion EPS Foam, Epoxy, Single to Double Concave, Matt Finish, fins included x3 &#8211; Future 2 Finbox Single Fin 1<br \/>\nDimensionen6&#8217;0&#8243;x 21&#8243;x 2.75&#8243; 38, 8L6&#8217;4&#8243;x 21.5&#8243;x 2.75&#8243; 42, 8L6&#8217;8&#8243;x 21.75&#8243;x 2.75&#8243; 47, 3L7&#8217;0&#8243; x 22&#8243; x 3&#8243; 54, 2L7&#8217;4&#8243;x 22.25&#8243; x 3.125&#8243; 60, 2L<\/p>\n","protected":false},"featured_media":14933,"comment_status":"open","ping_status":"closed","template":"","meta":[],"product_cat":[3184],"product_tag":[],"_links":{"self":[{"href":"https:\/\/wellenreiten-surfen.de\/index.php?rest_route=\/wp\/v2\/product\/14932"}],"collection":[{"href":"https:\/\/wellenreiten-surfen.de\/index.php?rest_route=\/wp\/v2\/product"}],"about":[{"href":"https:\/\/wellenreiten-surfen.de\/index.php?rest_route=\/wp\/v2\/types\/product"}],"replies":[{"embeddable":true,"href":"https:\/\/wellenreiten-surfen.de\/index.php?rest_route=%2Fwp%2Fv2%2Fcomments&post=14932"}],"wp:featuredmedia":[{"embeddable":true,"href":"https:\/\/wellenreiten-surfen.de\/index.php?rest_route=\/wp\/v2\/media\/14933"}],"wp:attachment":[{"href":"https:\/\/wellenreiten-surfen.de\/index.php?rest_route=%2Fwp%2Fv2%2Fmedia&parent=14932"}],"wp:term":[{"taxonomy":"product_cat","embeddable":true,"href":"https:\/\/wellenreiten-surfen.de\/index.php?rest_route=%2Fwp%2Fv2%2Fproduct_cat&post=14932"},{"taxonomy":"product_tag","embeddable":true,"href":"https:\/\/wellenreiten-surfen.de\/index.php?rest_route=%2Fwp%2Fv2%2Fproduct_tag&post=14932"}],"curies":[{"name":"wp","href":"https:\/\/api.w.org\/{rel}","templated":true}]}}