{"id":15739,"date":"2021-04-30T03:59:57","date_gmt":"2021-04-30T03:59:57","guid":{"rendered":"https:\/\/wellenreiten-surfen.de\/?product=fabricboard-aufblasbares-surfpaddel"},"modified":"2023-04-05T22:55:06","modified_gmt":"2023-04-05T22:55:06","slug":"fabricboard-aufblasbares-surfpaddel","status":"publish","type":"product","link":"https:\/\/wellenreiten-surfen.de\/?product=fabricboard-aufblasbares-surfpaddel","title":{"rendered":"FabricBoard Aufblasbares Surf-Paddle, Ozeanblau, L"},"content":{"rendered":"<div id='gallery-1' class='gallery galleryid-15739 gallery-columns-3 gallery-size-thumbnail'><figure class='gallery-item'>\n\t\t\t<div class='gallery-icon landscape'>\n\t\t\t\t<a href='https:\/\/wellenreiten-surfen.de\/?attachment_id=15740'><img width=\"150\" height=\"150\" src=\"https:\/\/images-na.ssl-images-amazon.com\/images\/I\/51v04BgVnNL._SS150_.jpg\" class=\"attachment-thumbnail size-thumbnail\" alt=\"\" decoding=\"async\" loading=\"lazy\" srcset=\"https:\/\/images-na.ssl-images-amazon.com\/images\/I\/51v04BgVnNL._SS150_.jpg 150w, https:\/\/images-na.ssl-images-amazon.com\/images\/I\/51v04BgVnNL._SS300_.jpg 300w, https:\/\/images-na.ssl-images-amazon.com\/images\/I\/51v04BgVnNL._SS768_.jpg 768w, https:\/\/images-na.ssl-images-amazon.com\/images\/I\/51v04BgVnNL._SS1024_.jpg 1024w, https:\/\/images-na.ssl-images-amazon.com\/images\/I\/51v04BgVnNL._SS1536_.jpg 1536w, https:\/\/images-na.ssl-images-amazon.com\/images\/I\/51v04BgVnNL._SS2048_.jpg 2048w, https:\/\/images-na.ssl-images-amazon.com\/images\/I\/51v04BgVnNL._SS80_.jpg 80w, https:\/\/images-na.ssl-images-amazon.com\/images\/I\/51v04BgVnNL._SS200_.jpg 200w, https:\/\/images-na.ssl-images-amazon.com\/images\/I\/51v04BgVnNL.jpg 500w, https:\/\/images-na.ssl-images-amazon.com\/images\/I\/51v04BgVnNL._SS450_.jpg 450w, https:\/\/images-na.ssl-images-amazon.com\/images\/I\/51v04BgVnNL._SS1400_.jpg 1400w, https:\/\/images-na.ssl-images-amazon.com\/images\/I\/51v04BgVnNL._SS180_.jpg 180w, https:\/\/images-na.ssl-images-amazon.com\/images\/I\/51v04BgVnNL._SS600_.jpg 600w, https:\/\/images-na.ssl-images-amazon.com\/images\/I\/51v04BgVnNL._SS100_.jpg 100w\" sizes=\"(max-width: 150px) 100vw, 150px\" \/><\/a>\n\t\t\t<\/div><\/figure><figure class='gallery-item'>\n\t\t\t<div class='gallery-icon landscape'>\n\t\t\t\t<a href='https:\/\/wellenreiten-surfen.de\/?attachment_id=15741'><img width=\"150\" height=\"150\" src=\"https:\/\/images-na.ssl-images-amazon.com\/images\/I\/41R6xYezhlL._SS150_.jpg\" class=\"attachment-thumbnail size-thumbnail\" alt=\"\" decoding=\"async\" loading=\"lazy\" srcset=\"https:\/\/images-na.ssl-images-amazon.com\/images\/I\/41R6xYezhlL._SS150_.jpg 150w, https:\/\/images-na.ssl-images-amazon.com\/images\/I\/41R6xYezhlL._SS300_.jpg 300w, https:\/\/images-na.ssl-images-amazon.com\/images\/I\/41R6xYezhlL._SS768_.jpg 768w, https:\/\/images-na.ssl-images-amazon.com\/images\/I\/41R6xYezhlL._SS1024_.jpg 1024w, https:\/\/images-na.ssl-images-amazon.com\/images\/I\/41R6xYezhlL._SS1536_.jpg 1536w, https:\/\/images-na.ssl-images-amazon.com\/images\/I\/41R6xYezhlL._SS2048_.jpg 2048w, https:\/\/images-na.ssl-images-amazon.com\/images\/I\/41R6xYezhlL._SS80_.jpg 80w, https:\/\/images-na.ssl-images-amazon.com\/images\/I\/41R6xYezhlL._SS200_.jpg 200w, https:\/\/images-na.ssl-images-amazon.com\/images\/I\/41R6xYezhlL.jpg 500w, https:\/\/images-na.ssl-images-amazon.com\/images\/I\/41R6xYezhlL._SS450_.jpg 450w, https:\/\/images-na.ssl-images-amazon.com\/images\/I\/41R6xYezhlL._SS1400_.jpg 1400w, https:\/\/images-na.ssl-images-amazon.com\/images\/I\/41R6xYezhlL._SS180_.jpg 180w, https:\/\/images-na.ssl-images-amazon.com\/images\/I\/41R6xYezhlL._SS600_.jpg 600w, https:\/\/images-na.ssl-images-amazon.com\/images\/I\/41R6xYezhlL._SS100_.jpg 100w\" sizes=\"(max-width: 150px) 100vw, 150px\" \/><\/a>\n\t\t\t<\/div><\/figure><figure class='gallery-item'>\n\t\t\t<div class='gallery-icon landscape'>\n\t\t\t\t<a href='https:\/\/wellenreiten-surfen.de\/?attachment_id=15742'><img width=\"150\" height=\"150\" src=\"https:\/\/images-na.ssl-images-amazon.com\/images\/I\/31-Fe5zKAlL._SS150_.jpg\" class=\"attachment-thumbnail size-thumbnail\" alt=\"\" decoding=\"async\" loading=\"lazy\" srcset=\"https:\/\/images-na.ssl-images-amazon.com\/images\/I\/31-Fe5zKAlL._SS150_.jpg 150w, https:\/\/images-na.ssl-images-amazon.com\/images\/I\/31-Fe5zKAlL._SS300_.jpg 300w, https:\/\/images-na.ssl-images-amazon.com\/images\/I\/31-Fe5zKAlL._SS768_.jpg 768w, https:\/\/images-na.ssl-images-amazon.com\/images\/I\/31-Fe5zKAlL._SS1024_.jpg 1024w, https:\/\/images-na.ssl-images-amazon.com\/images\/I\/31-Fe5zKAlL._SS1536_.jpg 1536w, https:\/\/images-na.ssl-images-amazon.com\/images\/I\/31-Fe5zKAlL._SS2048_.jpg 2048w, https:\/\/images-na.ssl-images-amazon.com\/images\/I\/31-Fe5zKAlL._SS80_.jpg 80w, https:\/\/images-na.ssl-images-amazon.com\/images\/I\/31-Fe5zKAlL._SS200_.jpg 200w, https:\/\/images-na.ssl-images-amazon.com\/images\/I\/31-Fe5zKAlL.jpg 500w, https:\/\/images-na.ssl-images-amazon.com\/images\/I\/31-Fe5zKAlL._SS450_.jpg 450w, https:\/\/images-na.ssl-images-amazon.com\/images\/I\/31-Fe5zKAlL._SS1400_.jpg 1400w, https:\/\/images-na.ssl-images-amazon.com\/images\/I\/31-Fe5zKAlL._SS180_.jpg 180w, https:\/\/images-na.ssl-images-amazon.com\/images\/I\/31-Fe5zKAlL._SS600_.jpg 600w, https:\/\/images-na.ssl-images-amazon.com\/images\/I\/31-Fe5zKAlL._SS100_.jpg 100w\" sizes=\"(max-width: 150px) 100vw, 150px\" \/><\/a>\n\t\t\t<\/div><\/figure>\n\t\t<\/div>\n<br \/>\nAllround-around-Paddle-Board, vielseitig und stabil<br \/>\nDoppelschicht-Fusion-Technologie<br \/>\nKann in eine kompakte Verpackung zusammengerollt werden, um den Transport und die Lagerung zu erleichtern<br \/>\nUltra komfortable, 5 mm dicke Diamantstruktur sorgt f\u00fcr zus\u00e4tzliche Stabilit\u00e4t und Griff; 6 Edelstahlringe mit Seil<br \/>\nLieferumfang: Rucksack, dreiteiliges verstellbares Paddel aus Aluminium, doppelte Pumpe mit Manometer, Leash, 3 abnehmbare Nylon-Fl\u00fcgel und Reparaturset<br \/>\n<div class=\"main-cross-sell\" data-asin=\"B07Q3YPS6P\">\n\n\t<div class=\"WooZone-cross-sell-loader\">\n\t\t<div>\n\t\t\t<div id=\"floatingBarsG\">\n\t\t\t\t<div class=\"blockG\" id=\"rotateG_01\"><\/div>\n\t\t\t\t<div class=\"blockG\" id=\"rotateG_02\"><\/div>\n\t\t\t\t<div class=\"blockG\" id=\"rotateG_03\"><\/div>\n\t\t\t\t<div class=\"blockG\" id=\"rotateG_04\"><\/div>\n\t\t\t\t<div class=\"blockG\" id=\"rotateG_05\"><\/div>\n\t\t\t\t<div class=\"blockG\" id=\"rotateG_06\"><\/div>\n\t\t\t\t<div class=\"blockG\" id=\"rotateG_07\"><\/div>\n\t\t\t\t<div class=\"blockG\" id=\"rotateG_08\"><\/div>\n\t\t\t<\/div>\n\t\t\t<div class=\"WooZone-cross-sell-loader-text\"><\/div>\n\t\t<\/div>\n\t<\/div>\n\n\t\t\n<\/div>\n<div style=\"clear:both;\"><\/div>\n","protected":false},"excerpt":{"rendered":"<p>Allround-around-Paddle-Board, vielseitig und stabil<br \/>\nDoppelschicht-Fusion-Technologie<br \/>\nKann in eine kompakte Verpackung zusammengerollt werden, um den Transport und die Lagerung zu erleichtern<\/p>\n","protected":false},"featured_media":15740,"comment_status":"open","ping_status":"closed","template":"","meta":[],"product_cat":[3184],"product_tag":[],"_links":{"self":[{"href":"https:\/\/wellenreiten-surfen.de\/index.php?rest_route=\/wp\/v2\/product\/15739"}],"collection":[{"href":"https:\/\/wellenreiten-surfen.de\/index.php?rest_route=\/wp\/v2\/product"}],"about":[{"href":"https:\/\/wellenreiten-surfen.de\/index.php?rest_route=\/wp\/v2\/types\/product"}],"replies":[{"embeddable":true,"href":"https:\/\/wellenreiten-surfen.de\/index.php?rest_route=%2Fwp%2Fv2%2Fcomments&post=15739"}],"wp:featuredmedia":[{"embeddable":true,"href":"https:\/\/wellenreiten-surfen.de\/index.php?rest_route=\/wp\/v2\/media\/15740"}],"wp:attachment":[{"href":"https:\/\/wellenreiten-surfen.de\/index.php?rest_route=%2Fwp%2Fv2%2Fmedia&parent=15739"}],"wp:term":[{"taxonomy":"product_cat","embeddable":true,"href":"https:\/\/wellenreiten-surfen.de\/index.php?rest_route=%2Fwp%2Fv2%2Fproduct_cat&post=15739"},{"taxonomy":"product_tag","embeddable":true,"href":"https:\/\/wellenreiten-surfen.de\/index.php?rest_route=%2Fwp%2Fv2%2Fproduct_tag&post=15739"}],"curies":[{"name":"wp","href":"https:\/\/api.w.org\/{rel}","templated":true}]}}