{"id":15814,"date":"2021-04-30T04:06:35","date_gmt":"2021-04-30T04:06:35","guid":{"rendered":"https:\/\/wellenreiten-surfen.de\/?product=fcs-surfboard-tasche-stretch-long-board-9-0-surfboard-bag"},"modified":"2023-04-05T22:55:07","modified_gmt":"2023-04-05T22:55:07","slug":"fcs-surfboard-tasche-stretch-long-board-9-0-surfboard-bag","status":"publish","type":"product","link":"https:\/\/wellenreiten-surfen.de\/?product=fcs-surfboard-tasche-stretch-long-board-9-0-surfboard-bag","title":{"rendered":"FCS Surfboard Tasche Stretch Long Board 9.0 Surfboard Bag"},"content":{"rendered":"<p><!-- show up to 2 reviews by default --> <\/p>\n<p>Leichte FCS Boardsocke, mit der du Dein Long- bzw. Malibuboard vor Wachsresten, Kratzern, Staub und UV-Licht sch\u00fctzen kannst. Die Boardsocke eignet sich auch sehr gut als zus\u00e4tzlicher Schutz f\u00fcr Boards in Reisetaschen. hochqualitatives dickes gewebtes Material belastbare 600D Polyester Nose Protektor Inklusive Wachs-Tasche Speziell f\u00fcr Longboards und Malibus designt <\/p>\n<p>Marke: FCS &#8211; FCS Stretch Longboard &amp; Malibu Travel-Socke!<br \/>\nhochqualitatives dickes gewebtes Material<br \/>\nbelastbare 600D Polyester Nose Protektor<br \/>\nInklusive Wachs-Tasche<br \/>\nSpeziell f\u00fcr Longboards und Malibus designt<br \/>\n<div class=\"main-cross-sell\" data-asin=\"B06XBLH5RX\">\n\n\t<div class=\"WooZone-cross-sell-loader\">\n\t\t<div>\n\t\t\t<div id=\"floatingBarsG\">\n\t\t\t\t<div class=\"blockG\" id=\"rotateG_01\"><\/div>\n\t\t\t\t<div class=\"blockG\" id=\"rotateG_02\"><\/div>\n\t\t\t\t<div class=\"blockG\" id=\"rotateG_03\"><\/div>\n\t\t\t\t<div class=\"blockG\" id=\"rotateG_04\"><\/div>\n\t\t\t\t<div class=\"blockG\" id=\"rotateG_05\"><\/div>\n\t\t\t\t<div class=\"blockG\" id=\"rotateG_06\"><\/div>\n\t\t\t\t<div class=\"blockG\" id=\"rotateG_07\"><\/div>\n\t\t\t\t<div class=\"blockG\" id=\"rotateG_08\"><\/div>\n\t\t\t<\/div>\n\t\t\t<div class=\"WooZone-cross-sell-loader-text\"><\/div>\n\t\t<\/div>\n\t<\/div>\n\n\t\t\n<\/div>\n<div style=\"clear:both;\"><\/div>\n","protected":false},"excerpt":{"rendered":"<p>Marke: FCS &#8211; FCS Stretch Longboard &amp; Malibu Travel-Socke!<br \/>\nhochqualitatives dickes gewebtes Material<br \/>\nbelastbare 600D Polyester Nose Protektor<\/p>\n","protected":false},"featured_media":15815,"comment_status":"open","ping_status":"closed","template":"","meta":[],"product_cat":[52],"product_tag":[],"_links":{"self":[{"href":"https:\/\/wellenreiten-surfen.de\/index.php?rest_route=\/wp\/v2\/product\/15814"}],"collection":[{"href":"https:\/\/wellenreiten-surfen.de\/index.php?rest_route=\/wp\/v2\/product"}],"about":[{"href":"https:\/\/wellenreiten-surfen.de\/index.php?rest_route=\/wp\/v2\/types\/product"}],"replies":[{"embeddable":true,"href":"https:\/\/wellenreiten-surfen.de\/index.php?rest_route=%2Fwp%2Fv2%2Fcomments&post=15814"}],"wp:featuredmedia":[{"embeddable":true,"href":"https:\/\/wellenreiten-surfen.de\/index.php?rest_route=\/wp\/v2\/media\/15815"}],"wp:attachment":[{"href":"https:\/\/wellenreiten-surfen.de\/index.php?rest_route=%2Fwp%2Fv2%2Fmedia&parent=15814"}],"wp:term":[{"taxonomy":"product_cat","embeddable":true,"href":"https:\/\/wellenreiten-surfen.de\/index.php?rest_route=%2Fwp%2Fv2%2Fproduct_cat&post=15814"},{"taxonomy":"product_tag","embeddable":true,"href":"https:\/\/wellenreiten-surfen.de\/index.php?rest_route=%2Fwp%2Fv2%2Fproduct_tag&post=15814"}],"curies":[{"name":"wp","href":"https:\/\/api.w.org\/{rel}","templated":true}]}}