{"id":15918,"date":"2021-04-30T04:07:15","date_gmt":"2021-04-30T04:07:15","guid":{"rendered":"https:\/\/wellenreiten-surfen.de\/?product=dakine-tour-regulator-surfboard-reisetasche-carbon"},"modified":"2023-04-05T22:55:09","modified_gmt":"2023-04-05T22:55:09","slug":"dakine-tour-regulator-surfboard-reisetasche-carbon","status":"publish","type":"product","link":"https:\/\/wellenreiten-surfen.de\/?product=dakine-tour-regulator-surfboard-reisetasche-carbon","title":{"rendered":"Dakine Tour-Regulator Surfboard Reisetasche \u2013 Carbon"},"content":{"rendered":"<p><!-- show up to 2 reviews by default --> <\/p>\n<p>Surfbrett-Taschen aus der DaKines Regulator Serie sind hergestellt, um Ihr Board vor den Strapazen auf langen Reisen zu sch\u00fctzen. Die Tour-Regulator-Reisetasche ist aus strapazierf\u00e4higem 600D-Diamant-Riptop-Polyester f\u00fcr leichte Haltbarkeit und verf\u00fcgt \u00fcber eine geschlossenzellige Schaumstoffpolsterung (3\/8 Zoll oben und unten \u2013 3\/4 Zoll an den Seitenw\u00e4nden), interne Kompressionsriemen zur Minimierung der Boardbewegung und robuste YKK-Rei\u00dfverschl\u00fcsse mit internem Schienenschutz. Eine externe Schiebeplatte, die die Haltbarkeit erh\u00f6ht, eine versteckte Tasche und eine TPU-Bel\u00fcftung runden das Design ab. H\u00e4lt 6-8 Surfbretter ohne Flossen <\/p>\n<p>Wir k\u00f6nnen keine Sarge nach Hawaii, Alaska, oder internationale Adressen versenden. <\/p>\n<p>Passend f\u00fcr bis zu 6-8 Boards ohne Flossen<br \/>\n600D Diamant-Ripstop f\u00fcr leichte Haltbarkeit<br \/>\n10 mm, geschlossenzelliger Schaumstoff (oben und unten)<br \/>\n20 mm geschlossenzelliger Schaumstoff (Seitenw\u00e4nde)<br \/>\nRobuster, geformter YKK-Rei\u00dfverschluss mit internem Schienenschutz<br \/>\n<div class=\"main-cross-sell\" data-asin=\"B07NH7J7R2\">\n\n\t<div class=\"WooZone-cross-sell-loader\">\n\t\t<div>\n\t\t\t<div id=\"floatingBarsG\">\n\t\t\t\t<div class=\"blockG\" id=\"rotateG_01\"><\/div>\n\t\t\t\t<div class=\"blockG\" id=\"rotateG_02\"><\/div>\n\t\t\t\t<div class=\"blockG\" id=\"rotateG_03\"><\/div>\n\t\t\t\t<div class=\"blockG\" id=\"rotateG_04\"><\/div>\n\t\t\t\t<div class=\"blockG\" id=\"rotateG_05\"><\/div>\n\t\t\t\t<div class=\"blockG\" id=\"rotateG_06\"><\/div>\n\t\t\t\t<div class=\"blockG\" id=\"rotateG_07\"><\/div>\n\t\t\t\t<div class=\"blockG\" id=\"rotateG_08\"><\/div>\n\t\t\t<\/div>\n\t\t\t<div class=\"WooZone-cross-sell-loader-text\"><\/div>\n\t\t<\/div>\n\t<\/div>\n\n\t\t\n<\/div>\n<div style=\"clear:both;\"><\/div>\n","protected":false},"excerpt":{"rendered":"<p>Passend f\u00fcr bis zu 6-8 Boards ohne Flossen<br \/>\n600D Diamant-Ripstop f\u00fcr leichte Haltbarkeit<br \/>\n10 mm, geschlossenzelliger Schaumstoff (oben und unten)<\/p>\n","protected":false},"featured_media":15919,"comment_status":"open","ping_status":"closed","template":"","meta":[],"product_cat":[52],"product_tag":[],"_links":{"self":[{"href":"https:\/\/wellenreiten-surfen.de\/index.php?rest_route=\/wp\/v2\/product\/15918"}],"collection":[{"href":"https:\/\/wellenreiten-surfen.de\/index.php?rest_route=\/wp\/v2\/product"}],"about":[{"href":"https:\/\/wellenreiten-surfen.de\/index.php?rest_route=\/wp\/v2\/types\/product"}],"replies":[{"embeddable":true,"href":"https:\/\/wellenreiten-surfen.de\/index.php?rest_route=%2Fwp%2Fv2%2Fcomments&post=15918"}],"wp:featuredmedia":[{"embeddable":true,"href":"https:\/\/wellenreiten-surfen.de\/index.php?rest_route=\/wp\/v2\/media\/15919"}],"wp:attachment":[{"href":"https:\/\/wellenreiten-surfen.de\/index.php?rest_route=%2Fwp%2Fv2%2Fmedia&parent=15918"}],"wp:term":[{"taxonomy":"product_cat","embeddable":true,"href":"https:\/\/wellenreiten-surfen.de\/index.php?rest_route=%2Fwp%2Fv2%2Fproduct_cat&post=15918"},{"taxonomy":"product_tag","embeddable":true,"href":"https:\/\/wellenreiten-surfen.de\/index.php?rest_route=%2Fwp%2Fv2%2Fproduct_tag&post=15918"}],"curies":[{"name":"wp","href":"https:\/\/api.w.org\/{rel}","templated":true}]}}