{"id":15973,"date":"2021-04-30T04:28:53","date_gmt":"2021-04-30T04:28:53","guid":{"rendered":"https:\/\/wellenreiten-surfen.de\/?product=roam-tech-hybrid-fish-boardbag"},"modified":"2023-04-05T22:55:09","modified_gmt":"2023-04-05T22:55:09","slug":"roam-tech-hybrid-fish-boardbag","status":"publish","type":"product","link":"https:\/\/wellenreiten-surfen.de\/?product=roam-tech-hybrid-fish-boardbag","title":{"rendered":"Roam Tech Hybrid Fish Boardbag"},"content":{"rendered":"<div id='gallery-1' class='gallery galleryid-15973 gallery-columns-3 gallery-size-thumbnail'><figure class='gallery-item'>\n\t\t\t<div class='gallery-icon landscape'>\n\t\t\t\t<a href='https:\/\/wellenreiten-surfen.de\/?attachment_id=15974'><img width=\"150\" height=\"150\" src=\"https:\/\/images-na.ssl-images-amazon.com\/images\/I\/41OiMCu70vL._SS150_.jpg\" class=\"attachment-thumbnail size-thumbnail\" alt=\"\" decoding=\"async\" loading=\"lazy\" srcset=\"https:\/\/images-na.ssl-images-amazon.com\/images\/I\/41OiMCu70vL._SS150_.jpg 150w, https:\/\/images-na.ssl-images-amazon.com\/images\/I\/41OiMCu70vL._SS300_.jpg 300w, https:\/\/images-na.ssl-images-amazon.com\/images\/I\/41OiMCu70vL._SS768_.jpg 768w, https:\/\/images-na.ssl-images-amazon.com\/images\/I\/41OiMCu70vL._SS1024_.jpg 1024w, https:\/\/images-na.ssl-images-amazon.com\/images\/I\/41OiMCu70vL._SS1536_.jpg 1536w, https:\/\/images-na.ssl-images-amazon.com\/images\/I\/41OiMCu70vL._SS2048_.jpg 2048w, https:\/\/images-na.ssl-images-amazon.com\/images\/I\/41OiMCu70vL._SS80_.jpg 80w, https:\/\/images-na.ssl-images-amazon.com\/images\/I\/41OiMCu70vL._SS200_.jpg 200w, https:\/\/images-na.ssl-images-amazon.com\/images\/I\/41OiMCu70vL.jpg 500w, https:\/\/images-na.ssl-images-amazon.com\/images\/I\/41OiMCu70vL._SS450_.jpg 450w, https:\/\/images-na.ssl-images-amazon.com\/images\/I\/41OiMCu70vL._SS1400_.jpg 1400w, https:\/\/images-na.ssl-images-amazon.com\/images\/I\/41OiMCu70vL._SS180_.jpg 180w, https:\/\/images-na.ssl-images-amazon.com\/images\/I\/41OiMCu70vL._SS600_.jpg 600w, https:\/\/images-na.ssl-images-amazon.com\/images\/I\/41OiMCu70vL._SS100_.jpg 100w\" sizes=\"(max-width: 150px) 100vw, 150px\" \/><\/a>\n\t\t\t<\/div><\/figure><figure class='gallery-item'>\n\t\t\t<div class='gallery-icon landscape'>\n\t\t\t\t<a href='https:\/\/wellenreiten-surfen.de\/?attachment_id=15975'><img width=\"150\" height=\"150\" src=\"https:\/\/images-na.ssl-images-amazon.com\/images\/I\/41aLQCt-XJL._SS150_.jpg\" class=\"attachment-thumbnail size-thumbnail\" alt=\"\" decoding=\"async\" loading=\"lazy\" srcset=\"https:\/\/images-na.ssl-images-amazon.com\/images\/I\/41aLQCt-XJL._SS150_.jpg 150w, https:\/\/images-na.ssl-images-amazon.com\/images\/I\/41aLQCt-XJL._SS300_.jpg 300w, https:\/\/images-na.ssl-images-amazon.com\/images\/I\/41aLQCt-XJL._SS768_.jpg 768w, https:\/\/images-na.ssl-images-amazon.com\/images\/I\/41aLQCt-XJL._SS1024_.jpg 1024w, https:\/\/images-na.ssl-images-amazon.com\/images\/I\/41aLQCt-XJL._SS1536_.jpg 1536w, https:\/\/images-na.ssl-images-amazon.com\/images\/I\/41aLQCt-XJL._SS2048_.jpg 2048w, https:\/\/images-na.ssl-images-amazon.com\/images\/I\/41aLQCt-XJL._SS80_.jpg 80w, https:\/\/images-na.ssl-images-amazon.com\/images\/I\/41aLQCt-XJL._SS200_.jpg 200w, https:\/\/images-na.ssl-images-amazon.com\/images\/I\/41aLQCt-XJL.jpg 500w, https:\/\/images-na.ssl-images-amazon.com\/images\/I\/41aLQCt-XJL._SS450_.jpg 450w, https:\/\/images-na.ssl-images-amazon.com\/images\/I\/41aLQCt-XJL._SS1400_.jpg 1400w, https:\/\/images-na.ssl-images-amazon.com\/images\/I\/41aLQCt-XJL._SS180_.jpg 180w, https:\/\/images-na.ssl-images-amazon.com\/images\/I\/41aLQCt-XJL._SS600_.jpg 600w, https:\/\/images-na.ssl-images-amazon.com\/images\/I\/41aLQCt-XJL._SS100_.jpg 100w\" sizes=\"(max-width: 150px) 100vw, 150px\" \/><\/a>\n\t\t\t<\/div><\/figure><figure class='gallery-item'>\n\t\t\t<div class='gallery-icon landscape'>\n\t\t\t\t<a href='https:\/\/wellenreiten-surfen.de\/?attachment_id=15976'><img width=\"150\" height=\"150\" src=\"https:\/\/images-na.ssl-images-amazon.com\/images\/I\/41nTYlYVC5L._SS150_.jpg\" class=\"attachment-thumbnail size-thumbnail\" alt=\"\" decoding=\"async\" loading=\"lazy\" srcset=\"https:\/\/images-na.ssl-images-amazon.com\/images\/I\/41nTYlYVC5L._SS150_.jpg 150w, https:\/\/images-na.ssl-images-amazon.com\/images\/I\/41nTYlYVC5L._SS300_.jpg 300w, https:\/\/images-na.ssl-images-amazon.com\/images\/I\/41nTYlYVC5L._SS768_.jpg 768w, https:\/\/images-na.ssl-images-amazon.com\/images\/I\/41nTYlYVC5L._SS1024_.jpg 1024w, https:\/\/images-na.ssl-images-amazon.com\/images\/I\/41nTYlYVC5L._SS1536_.jpg 1536w, https:\/\/images-na.ssl-images-amazon.com\/images\/I\/41nTYlYVC5L._SS2048_.jpg 2048w, https:\/\/images-na.ssl-images-amazon.com\/images\/I\/41nTYlYVC5L._SS80_.jpg 80w, https:\/\/images-na.ssl-images-amazon.com\/images\/I\/41nTYlYVC5L._SS200_.jpg 200w, https:\/\/images-na.ssl-images-amazon.com\/images\/I\/41nTYlYVC5L.jpg 500w, https:\/\/images-na.ssl-images-amazon.com\/images\/I\/41nTYlYVC5L._SS450_.jpg 450w, https:\/\/images-na.ssl-images-amazon.com\/images\/I\/41nTYlYVC5L._SS1400_.jpg 1400w, https:\/\/images-na.ssl-images-amazon.com\/images\/I\/41nTYlYVC5L._SS180_.jpg 180w, https:\/\/images-na.ssl-images-amazon.com\/images\/I\/41nTYlYVC5L._SS600_.jpg 600w, https:\/\/images-na.ssl-images-amazon.com\/images\/I\/41nTYlYVC5L._SS100_.jpg 100w\" sizes=\"(max-width: 150px) 100vw, 150px\" \/><\/a>\n\t\t\t<\/div><\/figure>\n\t\t<\/div>\n<br \/>\n<!-- show up to 2 reviews by default --> <\/p>\n<p>Das Tech Hybrid Fish Boardbag von Roam bietet mit seiner Posterung von 10 mm einen optimalen Schutz auf Reisen. Die Isolierung des Innerraums verhindert Sch\u00e4den durch Hitze und Sonneneinstrahlung. Der Heckbereich ist erweiterbar, wodurch das Board auch mit angebrachten Finnen transportiert werden kann. Zudem sind Nose und Tail extra gepolstert. Das Boardbag verf\u00fcgt au\u00dferdem \u00fcber ein praktisches Fach f\u00fcr deinen Neoprenanzug. 10mm Polsterung Reflektierendes Polytarp Shell einseitig Robustes ripstop Nylon <\/p>\n<p>Robustes 10mm gepolstertes Boardbag f\u00fcr ein Surfboard, ideal f\u00fcr Flugreisen. Mit silbernem Reflective Shield Polytarp Shell und robustem ripstop Nylon auf der anderen Seite<br \/>\nPassend f\u00fcr Boards im Hybrid oder Fish Shape<br \/>\nDieses heavy duty Bag sch\u00fctzt Dein Brett beim Flugreisen und wenn es beim transport mal hart hergehen sollte.<br \/>\nLieferumfang: Eine Bag mit Schultertragegurt<br \/>\nInnenabmessungen: 170cm x 61cm x 0-20cm<br \/>\n<div class=\"main-cross-sell\" data-asin=\"B07L9XJ14L\">\n\n\t<div class=\"WooZone-cross-sell-loader\">\n\t\t<div>\n\t\t\t<div id=\"floatingBarsG\">\n\t\t\t\t<div class=\"blockG\" id=\"rotateG_01\"><\/div>\n\t\t\t\t<div class=\"blockG\" id=\"rotateG_02\"><\/div>\n\t\t\t\t<div class=\"blockG\" id=\"rotateG_03\"><\/div>\n\t\t\t\t<div class=\"blockG\" id=\"rotateG_04\"><\/div>\n\t\t\t\t<div class=\"blockG\" id=\"rotateG_05\"><\/div>\n\t\t\t\t<div class=\"blockG\" id=\"rotateG_06\"><\/div>\n\t\t\t\t<div class=\"blockG\" id=\"rotateG_07\"><\/div>\n\t\t\t\t<div class=\"blockG\" id=\"rotateG_08\"><\/div>\n\t\t\t<\/div>\n\t\t\t<div class=\"WooZone-cross-sell-loader-text\"><\/div>\n\t\t<\/div>\n\t<\/div>\n\n\t\t\n<\/div>\n<div style=\"clear:both;\"><\/div>\n","protected":false},"excerpt":{"rendered":"<p>Robustes 10mm gepolstertes Boardbag f\u00fcr ein Surfboard, ideal f\u00fcr Flugreisen. Mit silbernem Reflective Shield Polytarp Shell und robustem ripstop Nylon auf der anderen Seite<br \/>\nPassend f\u00fcr Boards im Hybrid oder Fish Shape<br \/>\nDieses heavy duty Bag sch\u00fctzt Dein Brett beim Flugreisen und wenn es beim transport mal hart hergehen sollte.<\/p>\n","protected":false},"featured_media":15974,"comment_status":"open","ping_status":"closed","template":"","meta":[],"product_cat":[52],"product_tag":[],"_links":{"self":[{"href":"https:\/\/wellenreiten-surfen.de\/index.php?rest_route=\/wp\/v2\/product\/15973"}],"collection":[{"href":"https:\/\/wellenreiten-surfen.de\/index.php?rest_route=\/wp\/v2\/product"}],"about":[{"href":"https:\/\/wellenreiten-surfen.de\/index.php?rest_route=\/wp\/v2\/types\/product"}],"replies":[{"embeddable":true,"href":"https:\/\/wellenreiten-surfen.de\/index.php?rest_route=%2Fwp%2Fv2%2Fcomments&post=15973"}],"wp:featuredmedia":[{"embeddable":true,"href":"https:\/\/wellenreiten-surfen.de\/index.php?rest_route=\/wp\/v2\/media\/15974"}],"wp:attachment":[{"href":"https:\/\/wellenreiten-surfen.de\/index.php?rest_route=%2Fwp%2Fv2%2Fmedia&parent=15973"}],"wp:term":[{"taxonomy":"product_cat","embeddable":true,"href":"https:\/\/wellenreiten-surfen.de\/index.php?rest_route=%2Fwp%2Fv2%2Fproduct_cat&post=15973"},{"taxonomy":"product_tag","embeddable":true,"href":"https:\/\/wellenreiten-surfen.de\/index.php?rest_route=%2Fwp%2Fv2%2Fproduct_tag&post=15973"}],"curies":[{"name":"wp","href":"https:\/\/api.w.org\/{rel}","templated":true}]}}