{"id":16053,"date":"2021-04-30T04:32:13","date_gmt":"2021-04-30T04:32:13","guid":{"rendered":"https:\/\/wellenreiten-surfen.de\/?product=mystic-star-boots-kite-wakeboard-boardbag-2020-black"},"modified":"2023-04-05T22:55:10","modified_gmt":"2023-04-05T22:55:10","slug":"mystic-star-boots-kite-wakeboard-boardbag-2020-black","status":"publish","type":"product","link":"https:\/\/wellenreiten-surfen.de\/?product=mystic-star-boots-kite-wakeboard-boardbag-2020-black","title":{"rendered":"Mystic Star Boots Boardbag"},"content":{"rendered":"<p><!-- show up to 2 reviews by default --> <\/p>\n<p>Das Star Boots Boardbag von Mystic hilft dir bei einem abenteuerreichen Tag auf dem Wasser dein Board und die wichtigsten Sachen sicher zu verstauen. So hast du alles zusammen und kannst es einfach transportieren. <br \/>Achtung: Als Artikelbild ist immer die Gr\u00f6\u00dfe 145 cm dargestellt. Deine Auswahl entscheidet \u00fcber die tats\u00e4chliche Gr\u00f6\u00dfe.<br \/>Merkmale:<br \/>PVC \u00fcberzogener 420D Polyester<br \/>Schultergurt (abnehmbar)<br \/>Tragegriff<br \/>Bindung kann montiert bleiben<br \/>Gr\u00f6\u00dfentabelle<\/p>\n<p>L\u00e4nge<br \/>Breite<br \/>H\u00f6he<\/p>\n<p>135 cm<br \/>42 cm<br \/>25 cm<\/p>\n<p>145 cm<br \/>46 cm<br \/>25 cm<\/p>\n<p>150 cm<br \/>48 cm<br \/>25 cm<\/p>\n<p>135 x 42 x 25 cm<br \/>\nPVC-beschichtetes 420D Polyester<br \/>\nEinfacher abnehmbarer Schultergurt<br \/>\nTragegriff<br \/>\nHaltet eure Stiefel fest<br \/>\n<div class=\"main-cross-sell\" data-asin=\"B07GJ34NVY\">\n\n\t<div class=\"WooZone-cross-sell-loader\">\n\t\t<div>\n\t\t\t<div id=\"floatingBarsG\">\n\t\t\t\t<div class=\"blockG\" id=\"rotateG_01\"><\/div>\n\t\t\t\t<div class=\"blockG\" id=\"rotateG_02\"><\/div>\n\t\t\t\t<div class=\"blockG\" id=\"rotateG_03\"><\/div>\n\t\t\t\t<div class=\"blockG\" id=\"rotateG_04\"><\/div>\n\t\t\t\t<div class=\"blockG\" id=\"rotateG_05\"><\/div>\n\t\t\t\t<div class=\"blockG\" id=\"rotateG_06\"><\/div>\n\t\t\t\t<div class=\"blockG\" id=\"rotateG_07\"><\/div>\n\t\t\t\t<div class=\"blockG\" id=\"rotateG_08\"><\/div>\n\t\t\t<\/div>\n\t\t\t<div class=\"WooZone-cross-sell-loader-text\"><\/div>\n\t\t<\/div>\n\t<\/div>\n\n\t\t\n<\/div>\n<div style=\"clear:both;\"><\/div>\n","protected":false},"excerpt":{"rendered":"<p>135 x 42 x 25 cm<br \/>\nPVC-beschichtetes 420D Polyester<br \/>\nEinfacher abnehmbarer Schultergurt<\/p>\n","protected":false},"featured_media":16054,"comment_status":"open","ping_status":"closed","template":"","meta":[],"product_cat":[52],"product_tag":[],"_links":{"self":[{"href":"https:\/\/wellenreiten-surfen.de\/index.php?rest_route=\/wp\/v2\/product\/16053"}],"collection":[{"href":"https:\/\/wellenreiten-surfen.de\/index.php?rest_route=\/wp\/v2\/product"}],"about":[{"href":"https:\/\/wellenreiten-surfen.de\/index.php?rest_route=\/wp\/v2\/types\/product"}],"replies":[{"embeddable":true,"href":"https:\/\/wellenreiten-surfen.de\/index.php?rest_route=%2Fwp%2Fv2%2Fcomments&post=16053"}],"wp:featuredmedia":[{"embeddable":true,"href":"https:\/\/wellenreiten-surfen.de\/index.php?rest_route=\/wp\/v2\/media\/16054"}],"wp:attachment":[{"href":"https:\/\/wellenreiten-surfen.de\/index.php?rest_route=%2Fwp%2Fv2%2Fmedia&parent=16053"}],"wp:term":[{"taxonomy":"product_cat","embeddable":true,"href":"https:\/\/wellenreiten-surfen.de\/index.php?rest_route=%2Fwp%2Fv2%2Fproduct_cat&post=16053"},{"taxonomy":"product_tag","embeddable":true,"href":"https:\/\/wellenreiten-surfen.de\/index.php?rest_route=%2Fwp%2Fv2%2Fproduct_tag&post=16053"}],"curies":[{"name":"wp","href":"https:\/\/api.w.org\/{rel}","templated":true}]}}