{"id":16128,"date":"2021-04-30T04:32:54","date_gmt":"2021-04-30T04:32:54","guid":{"rendered":"https:\/\/wellenreiten-surfen.de\/?product=roam-boardbag-surfboard-coffin-8-6-doppel-triple"},"modified":"2023-04-06T23:11:38","modified_gmt":"2023-04-06T23:11:38","slug":"roam-boardbag-surfboard-coffin-8-6-doppel-triple","status":"publish","type":"product","link":"https:\/\/wellenreiten-surfen.de\/?product=roam-boardbag-surfboard-coffin-8-6-doppel-triple","title":{"rendered":"Roam Boardbag Surfboard Coffin 8.6 Doppel Triple"},"content":{"rendered":"<div id='gallery-1' class='gallery galleryid-16128 gallery-columns-3 gallery-size-thumbnail'><figure class='gallery-item'>\n\t\t\t<div class='gallery-icon landscape'>\n\t\t\t\t<a href='https:\/\/wellenreiten-surfen.de\/?attachment_id=16129'><img width=\"150\" height=\"150\" src=\"https:\/\/images-na.ssl-images-amazon.com\/images\/I\/317s1vHMmqL._SS150_.jpg\" class=\"attachment-thumbnail size-thumbnail\" alt=\"\" decoding=\"async\" loading=\"lazy\" srcset=\"https:\/\/images-na.ssl-images-amazon.com\/images\/I\/317s1vHMmqL._SS150_.jpg 150w, https:\/\/images-na.ssl-images-amazon.com\/images\/I\/317s1vHMmqL._SS300_.jpg 300w, https:\/\/images-na.ssl-images-amazon.com\/images\/I\/317s1vHMmqL._SS768_.jpg 768w, https:\/\/images-na.ssl-images-amazon.com\/images\/I\/317s1vHMmqL._SS1024_.jpg 1024w, https:\/\/images-na.ssl-images-amazon.com\/images\/I\/317s1vHMmqL._SS1536_.jpg 1536w, https:\/\/images-na.ssl-images-amazon.com\/images\/I\/317s1vHMmqL._SS2048_.jpg 2048w, https:\/\/images-na.ssl-images-amazon.com\/images\/I\/317s1vHMmqL._SS80_.jpg 80w, https:\/\/images-na.ssl-images-amazon.com\/images\/I\/317s1vHMmqL._SS200_.jpg 200w, https:\/\/images-na.ssl-images-amazon.com\/images\/I\/317s1vHMmqL.jpg 500w, https:\/\/images-na.ssl-images-amazon.com\/images\/I\/317s1vHMmqL._SS450_.jpg 450w, https:\/\/images-na.ssl-images-amazon.com\/images\/I\/317s1vHMmqL._SS1400_.jpg 1400w, https:\/\/images-na.ssl-images-amazon.com\/images\/I\/317s1vHMmqL._SS180_.jpg 180w, https:\/\/images-na.ssl-images-amazon.com\/images\/I\/317s1vHMmqL._SS600_.jpg 600w, https:\/\/images-na.ssl-images-amazon.com\/images\/I\/317s1vHMmqL._SS100_.jpg 100w\" sizes=\"(max-width: 150px) 100vw, 150px\" \/><\/a>\n\t\t\t<\/div><\/figure><figure class='gallery-item'>\n\t\t\t<div class='gallery-icon landscape'>\n\t\t\t\t<a href='https:\/\/wellenreiten-surfen.de\/?attachment_id=16130'><img width=\"150\" height=\"150\" src=\"https:\/\/images-na.ssl-images-amazon.com\/images\/I\/4198i9O5hrL._SS150_.jpg\" class=\"attachment-thumbnail size-thumbnail\" alt=\"\" decoding=\"async\" loading=\"lazy\" srcset=\"https:\/\/images-na.ssl-images-amazon.com\/images\/I\/4198i9O5hrL._SS150_.jpg 150w, https:\/\/images-na.ssl-images-amazon.com\/images\/I\/4198i9O5hrL._SS300_.jpg 300w, https:\/\/images-na.ssl-images-amazon.com\/images\/I\/4198i9O5hrL._SS768_.jpg 768w, https:\/\/images-na.ssl-images-amazon.com\/images\/I\/4198i9O5hrL._SS1024_.jpg 1024w, https:\/\/images-na.ssl-images-amazon.com\/images\/I\/4198i9O5hrL._SS1536_.jpg 1536w, https:\/\/images-na.ssl-images-amazon.com\/images\/I\/4198i9O5hrL._SS2048_.jpg 2048w, https:\/\/images-na.ssl-images-amazon.com\/images\/I\/4198i9O5hrL._SS80_.jpg 80w, https:\/\/images-na.ssl-images-amazon.com\/images\/I\/4198i9O5hrL._SS200_.jpg 200w, https:\/\/images-na.ssl-images-amazon.com\/images\/I\/4198i9O5hrL.jpg 500w, https:\/\/images-na.ssl-images-amazon.com\/images\/I\/4198i9O5hrL._SS450_.jpg 450w, https:\/\/images-na.ssl-images-amazon.com\/images\/I\/4198i9O5hrL._SS1400_.jpg 1400w, https:\/\/images-na.ssl-images-amazon.com\/images\/I\/4198i9O5hrL._SS180_.jpg 180w, https:\/\/images-na.ssl-images-amazon.com\/images\/I\/4198i9O5hrL._SS600_.jpg 600w, https:\/\/images-na.ssl-images-amazon.com\/images\/I\/4198i9O5hrL._SS100_.jpg 100w\" sizes=\"(max-width: 150px) 100vw, 150px\" \/><\/a>\n\t\t\t<\/div><\/figure><figure class='gallery-item'>\n\t\t\t<div class='gallery-icon landscape'>\n\t\t\t\t<a href='https:\/\/wellenreiten-surfen.de\/?attachment_id=16131'><img width=\"150\" height=\"150\" src=\"https:\/\/images-na.ssl-images-amazon.com\/images\/I\/51qPRPSs5mL._SS150_.jpg\" class=\"attachment-thumbnail size-thumbnail\" alt=\"\" decoding=\"async\" loading=\"lazy\" srcset=\"https:\/\/images-na.ssl-images-amazon.com\/images\/I\/51qPRPSs5mL._SS150_.jpg 150w, https:\/\/images-na.ssl-images-amazon.com\/images\/I\/51qPRPSs5mL._SS300_.jpg 300w, https:\/\/images-na.ssl-images-amazon.com\/images\/I\/51qPRPSs5mL._SS768_.jpg 768w, https:\/\/images-na.ssl-images-amazon.com\/images\/I\/51qPRPSs5mL._SS1024_.jpg 1024w, https:\/\/images-na.ssl-images-amazon.com\/images\/I\/51qPRPSs5mL._SS1536_.jpg 1536w, https:\/\/images-na.ssl-images-amazon.com\/images\/I\/51qPRPSs5mL._SS2048_.jpg 2048w, https:\/\/images-na.ssl-images-amazon.com\/images\/I\/51qPRPSs5mL._SS80_.jpg 80w, https:\/\/images-na.ssl-images-amazon.com\/images\/I\/51qPRPSs5mL._SS200_.jpg 200w, https:\/\/images-na.ssl-images-amazon.com\/images\/I\/51qPRPSs5mL.jpg 500w, https:\/\/images-na.ssl-images-amazon.com\/images\/I\/51qPRPSs5mL._SS450_.jpg 450w, https:\/\/images-na.ssl-images-amazon.com\/images\/I\/51qPRPSs5mL._SS1400_.jpg 1400w, https:\/\/images-na.ssl-images-amazon.com\/images\/I\/51qPRPSs5mL._SS180_.jpg 180w, https:\/\/images-na.ssl-images-amazon.com\/images\/I\/51qPRPSs5mL._SS600_.jpg 600w, https:\/\/images-na.ssl-images-amazon.com\/images\/I\/51qPRPSs5mL._SS100_.jpg 100w\" sizes=\"(max-width: 150px) 100vw, 150px\" \/><\/a>\n\t\t\t<\/div><\/figure>\n\t\t<\/div>\n<br \/>\n<!-- show up to 2 reviews by default --> <\/p>\n<p>Produktinformationen &#8218;ROAM Boardbag Surfboard Coffin 8.6 Doppel Triple&#8217;Robustes 10mm gepolstertes Boardbag f\u00fcr 2-3 Surfboards, ideal f\u00fcr Flugreisen.<br \/>10mm gepolstert mit silbernem Reflective Shield Polytarp Shell und robustem 600 Gramm Nylon auf den Seitenw\u00e4nden.<br \/>Ob f\u00fcr Reisen mit dem Auto, Zug, Flugzeug, dieses heavy duty Bag sch\u00fctzt Dein Brett wenn es beim Transport mal hart hergehen sollte.<\/p>\n<p>&#8211; 10mm Polsterung<br \/>&#8211; Robustes 600 Gramm Nylon auf den Seitenw\u00e4nden<br \/>&#8211; Wasser und Wachsbest\u00e4ndiges Polytarp innen<br \/>&#8211; Doppelt gen\u00e4hte N\u00e4hte<br \/>&#8211; Extra verst\u00e4rkter Heckbereich<br \/>&#8211; Extra Verst\u00e4rkter Bugbereich<br \/>&#8211; 2 gepolsterte Tragegriffe<br \/>&#8211; 2 grab handle<br \/>&#8211; 4 Compression Straps<br \/>&#8211; 4 Loops<br \/>&#8211; Abnehmbarer Schultergurt ohne clips mit XL Polster<br \/>&#8211; Seewasserbest\u00e4ndiger PK Reisverschluss aus Kunststoff<br \/>&#8211; ID Adressfeld<br \/>&#8211; Ventilations\u00f6ffnung<br \/>&#8211; innenliegende Spanngurte zum fixieren der board im Bag<br \/>&#8211; 2 Trennb\u00f6den <br \/>&#8211; 7 innenliegende Taschen<\/p>\n<p>Gewicht der Tasche: 6,75 kg<\/p>\n<p>Passend f\u00fcr Boards in verschiedenen Shapes<\/p>\n<p>Lieferumfang: Eine Boardbag mit Schultertragegurt <\/p>\n<p>Robustes 10mm gepolstertes Boardbag mit 2 gepolsterten Zwischenlagen f\u00fcr 2-3 Surfboards, ideal f\u00fcr Flugreisen.<br \/>\nPassend f\u00fcr Boards in verschiedenen Shapes. F\u00fcr Flugreisen empfehlen wir die Boards zus\u00e4tzlich in Daybags zu packen damit diese maximal gesch\u00fctzt sind.<br \/>\nDieses heavy duty Bag sch\u00fctzt Deine Bretter beim Flugreisen und wenn es beim transport mal hart hergehen sollte.<br \/>\nLieferumfang: Eine Bag mit Schultertragegurt<br \/>\nInnenabmessungen: 275cm x 70cm x 22cm<br \/>\n<div class=\"main-cross-sell\" data-asin=\"B07KK87L5F\">\n\n\t<div class=\"WooZone-cross-sell-loader\">\n\t\t<div>\n\t\t\t<div id=\"floatingBarsG\">\n\t\t\t\t<div class=\"blockG\" id=\"rotateG_01\"><\/div>\n\t\t\t\t<div class=\"blockG\" id=\"rotateG_02\"><\/div>\n\t\t\t\t<div class=\"blockG\" id=\"rotateG_03\"><\/div>\n\t\t\t\t<div class=\"blockG\" id=\"rotateG_04\"><\/div>\n\t\t\t\t<div class=\"blockG\" id=\"rotateG_05\"><\/div>\n\t\t\t\t<div class=\"blockG\" id=\"rotateG_06\"><\/div>\n\t\t\t\t<div class=\"blockG\" id=\"rotateG_07\"><\/div>\n\t\t\t\t<div class=\"blockG\" id=\"rotateG_08\"><\/div>\n\t\t\t<\/div>\n\t\t\t<div class=\"WooZone-cross-sell-loader-text\"><\/div>\n\t\t<\/div>\n\t<\/div>\n\n\t\t\n<\/div>\n<div style=\"clear:both;\"><\/div>\n","protected":false},"excerpt":{"rendered":"<p>Robustes 10mm gepolstertes Boardbag mit 2 gepolsterten Zwischenlagen f\u00fcr 2-3 Surfboards, ideal f\u00fcr Flugreisen.<br \/>\nPassend f\u00fcr Boards in verschiedenen Shapes. F\u00fcr Flugreisen empfehlen wir die Boards zus\u00e4tzlich in Daybags zu packen damit diese maximal gesch\u00fctzt sind.<br \/>\nDieses heavy duty Bag sch\u00fctzt Deine Bretter beim Flugreisen und wenn es beim transport mal hart hergehen sollte.<\/p>\n","protected":false},"featured_media":16129,"comment_status":"open","ping_status":"closed","template":"","meta":[],"product_cat":[52],"product_tag":[],"_links":{"self":[{"href":"https:\/\/wellenreiten-surfen.de\/index.php?rest_route=\/wp\/v2\/product\/16128"}],"collection":[{"href":"https:\/\/wellenreiten-surfen.de\/index.php?rest_route=\/wp\/v2\/product"}],"about":[{"href":"https:\/\/wellenreiten-surfen.de\/index.php?rest_route=\/wp\/v2\/types\/product"}],"replies":[{"embeddable":true,"href":"https:\/\/wellenreiten-surfen.de\/index.php?rest_route=%2Fwp%2Fv2%2Fcomments&post=16128"}],"wp:featuredmedia":[{"embeddable":true,"href":"https:\/\/wellenreiten-surfen.de\/index.php?rest_route=\/wp\/v2\/media\/16129"}],"wp:attachment":[{"href":"https:\/\/wellenreiten-surfen.de\/index.php?rest_route=%2Fwp%2Fv2%2Fmedia&parent=16128"}],"wp:term":[{"taxonomy":"product_cat","embeddable":true,"href":"https:\/\/wellenreiten-surfen.de\/index.php?rest_route=%2Fwp%2Fv2%2Fproduct_cat&post=16128"},{"taxonomy":"product_tag","embeddable":true,"href":"https:\/\/wellenreiten-surfen.de\/index.php?rest_route=%2Fwp%2Fv2%2Fproduct_tag&post=16128"}],"curies":[{"name":"wp","href":"https:\/\/api.w.org\/{rel}","templated":true}]}}