{"id":16250,"date":"2021-04-30T04:37:38","date_gmt":"2021-04-30T04:37:38","guid":{"rendered":"https:\/\/wellenreiten-surfen.de\/?product=mystic-kitesurf-star-twintip-boardbag-2020-black"},"modified":"2023-04-06T23:11:39","modified_gmt":"2023-04-06T23:11:39","slug":"mystic-kitesurf-star-twintip-boardbag-2020-black","status":"publish","type":"product","link":"https:\/\/wellenreiten-surfen.de\/?product=mystic-kitesurf-star-twintip-boardbag-2020-black","title":{"rendered":"Mystic Star Twintip Boardbag"},"content":{"rendered":"<p><!-- show up to 2 reviews by default --> <\/p>\n<p>Das Star Twintip Boardbag von Mystic hilft dir bei einem abenteuerreichen Tag auf dem Wasser dein Board und die wichtigsten Sachen sicher zu verstauen. So hast du alles zusammen und kannst es einfach transportieren. <br \/>Achtung: Als Artikelbild ist immer die Gr\u00f6\u00dfe 145 cm dargestellt. Deine Auswahl entscheidet \u00fcber die tats\u00e4chliche Gr\u00f6\u00dfe.<br \/>Merkmale:<br \/>PVC \u00fcberzogener 420D Polyester<br \/>Schultergurt (abnehmbar)<br \/>Tragegriff<br \/>Gr\u00f6\u00dfentabelle<\/p>\n<p>L\u00e4nge<br \/>Breite<br \/>H\u00f6he<\/p>\n<p>135 cm<br \/>42 cm<br \/>10 cm<\/p>\n<p>145 cm<br \/>45 cm<br \/>10 cm<\/p>\n<p>165 cm<br \/>50 cm<br \/>10 cm<\/p>\n<p>135 x 42 x 10 cm<br \/>\nPVC-beschichtetes 420D Polyester<br \/>\nEinfacher abnehmbarer Schultergurt<br \/>\nTragegriff<br \/>\n<div class=\"main-cross-sell\" data-asin=\"B07GJJC2WL\">\n\n\t<div class=\"WooZone-cross-sell-loader\">\n\t\t<div>\n\t\t\t<div id=\"floatingBarsG\">\n\t\t\t\t<div class=\"blockG\" id=\"rotateG_01\"><\/div>\n\t\t\t\t<div class=\"blockG\" id=\"rotateG_02\"><\/div>\n\t\t\t\t<div class=\"blockG\" id=\"rotateG_03\"><\/div>\n\t\t\t\t<div class=\"blockG\" id=\"rotateG_04\"><\/div>\n\t\t\t\t<div class=\"blockG\" id=\"rotateG_05\"><\/div>\n\t\t\t\t<div class=\"blockG\" id=\"rotateG_06\"><\/div>\n\t\t\t\t<div class=\"blockG\" id=\"rotateG_07\"><\/div>\n\t\t\t\t<div class=\"blockG\" id=\"rotateG_08\"><\/div>\n\t\t\t<\/div>\n\t\t\t<div class=\"WooZone-cross-sell-loader-text\"><\/div>\n\t\t<\/div>\n\t<\/div>\n\n\t\t\n<\/div>\n<div style=\"clear:both;\"><\/div>\n","protected":false},"excerpt":{"rendered":"<p>135 x 42 x 10 cm<br \/>\nPVC-beschichtetes 420D Polyester<br \/>\nEinfacher abnehmbarer Schultergurt<\/p>\n","protected":false},"featured_media":16251,"comment_status":"open","ping_status":"closed","template":"","meta":[],"product_cat":[52],"product_tag":[],"_links":{"self":[{"href":"https:\/\/wellenreiten-surfen.de\/index.php?rest_route=\/wp\/v2\/product\/16250"}],"collection":[{"href":"https:\/\/wellenreiten-surfen.de\/index.php?rest_route=\/wp\/v2\/product"}],"about":[{"href":"https:\/\/wellenreiten-surfen.de\/index.php?rest_route=\/wp\/v2\/types\/product"}],"replies":[{"embeddable":true,"href":"https:\/\/wellenreiten-surfen.de\/index.php?rest_route=%2Fwp%2Fv2%2Fcomments&post=16250"}],"wp:featuredmedia":[{"embeddable":true,"href":"https:\/\/wellenreiten-surfen.de\/index.php?rest_route=\/wp\/v2\/media\/16251"}],"wp:attachment":[{"href":"https:\/\/wellenreiten-surfen.de\/index.php?rest_route=%2Fwp%2Fv2%2Fmedia&parent=16250"}],"wp:term":[{"taxonomy":"product_cat","embeddable":true,"href":"https:\/\/wellenreiten-surfen.de\/index.php?rest_route=%2Fwp%2Fv2%2Fproduct_cat&post=16250"},{"taxonomy":"product_tag","embeddable":true,"href":"https:\/\/wellenreiten-surfen.de\/index.php?rest_route=%2Fwp%2Fv2%2Fproduct_tag&post=16250"}],"curies":[{"name":"wp","href":"https:\/\/api.w.org\/{rel}","templated":true}]}}